000
CXUS55 KLKN 011639
CLMEKO


CLIMATE REPORT
NATIONAL WEATHER SERVICE ELKO NV
928 AM PDT TUE MAY 1 2018

...................................

...THE ELKO AIRPORT NV CLIMATE SUMMARY FOR THE MONTH OF APRIL 2018...

CLIMATE NORMAL PERIOD 1981 TO 2010
CLIMATE RECORD PERIOD 1888 TO 2018

WEATHER         OBSERVED          NORMAL  DEPART  LAST YEAR`S
                 VALUE   DATE(S)  VALUE   FROM    VALUE  DATE(S)
                                          NORMAL
................................................................
TEMPERATURE (F)
RECORD
 HIGH              87   04/22/2012
 LOW                5   04/02/1936
HIGHEST            85   04/27        77       8       74  04/12
LOWEST             17   04/03        17       0       23  04/15
                                                          04/09
                                                          04/04
AVG. MAXIMUM     62.2              59.4     2.8     57.8
AVG. MINIMUM     31.7              31.0     0.7     32.5
MEAN             47.0              45.2     1.8     45.2
DAYS MAX >= 90      0               0.0     0.0        0
DAYS MAX <= 32      0               0.0     0.0        0
DAYS MIN <= 32     18              16.5     1.5       17
DAYS MIN <= 0       0               0.0     0.0        0

PRECIPITATION (INCHES)
RECORD
 MAXIMUM         3.94   1900
 MINIMUM            T   1924
                        1916
                        1912
TOTALS           0.99              0.97    0.02     1.31
DAILY AVG.       0.03              0.03    0.00     0.04
DAYS >= .01         8               8.8    -0.8        7
DAYS >= .10         2               3.1    -1.1        6
DAYS >= .50         1               0.3     0.7        0
DAYS >= 1.00        0               0.0     0.0        0
GREATEST
 24 HR. TOTAL    0.55   04/07 TO 04/07              0.36

SNOWFALL (INCHES)
RECORDS
 TOTAL           19.0   1925
TOTALS            0.5               3.2    -2.7        T
SINCE 7/1        28.2              40.8   -12.6     53.3
SNOWDEPTH AVG.      0                                  0
DAYS >= TRACE       6               3.2     2.8        5
DAYS >= 1.0         0               1.1    -1.1        0
GREATEST
 SNOW DEPTH         T   04/13                          0
 24 HR TOTAL      0.5   04/12 TO 04/12                 T

DEGREE_DAYS
HEATING TOTAL     533               594     -61      588
 SINCE 7/1       6043              6571    -528     5959
COOLING TOTAL       0                 0       0        0
 SINCE 1/1          0                 0       0        0
.................................................................

WIND (MPH)
AVERAGE WIND SPEED              7.9
HIGHEST WIND SPEED/DIRECTION    47/260    DATE  04/07
HIGHEST GUST SPEED/DIRECTION    55/250    DATE  04/07

AVERAGE RH (PERCENT)     51

WEATHER CONDITIONS. NUMBER OF DAYS WITH
THUNDERSTORM              0     MIXED PRECIP               0
HEAVY RAIN                0     RAIN                       3
LIGHT RAIN                9     FREEZING RAIN              0
LT FREEZING RAIN          0     HAIL                       0
HEAVY SNOW                0     SNOW                       0
LIGHT SNOW                6     SLEET                      0
FOG                       7     FOG W/VIS <= 1/4 MILE      0
HAZE                      4

-  INDICATES NEGATIVE NUMBERS.
R  INDICATES RECORD WAS SET OR TIED.
MM INDICATES DATA IS MISSING.
T  INDICATES TRACE AMOUNT.

&&

=====================================================================

A RECORD DAILY MAXIMUM TEMPERATURE OF 85 DEGREES WAS SET ON THE 27TH.

$$

DS
