000
CXUS53 KPAH 041352
CLMEVV
CLIMATE REPORT
NATIONAL WEATHER SERVICE PADUCAH KY
752 AM CST MON MAR 04 2024
...................................
...THE EVANSVILLE IN CLIMATE SUMMARY FOR THE MONTH OF FEBRUARY 2024...
CLIMATE NORMAL PERIOD 1991 TO 2020
CLIMATE RECORD PERIOD 1896 TO 2024
WEATHER OBSERVED NORMAL DEPART LAST YEAR`S
VALUE DATE(S) VALUE FROM VALUE DATE(S)
NORMAL
................................................................
TEMPERATURE (F)
RECORD
HIGH 79 02/24/2017
02/13/1962
LOW -23 02/02/1951
HIGHEST 78 02/26 76 02/22
LOWEST 16 02/17 17 02/03
02/18
02/04
AVG. MAXIMUM 58.6 46.7 11.9 55.8
AVG. MINIMUM 32.4 28.4 4.0 33.8
MEAN 45.5 37.6 7.9 44.8
DAYS MAX >= 90 0 0.0 0.0 0
DAYS MAX <= 32 1 3.8 -2.8 1
DAYS MIN <= 32 14 19.2 -5.2 13
DAYS MIN <= 0 0 0.2 -0.2 0
PRECIPITATION (INCHES)
RECORD
MAXIMUM 9.24 2018
MINIMUM 0.27 1947
TOTALS 0.88 3.22 -2.34 2.86
DAILY AVG. 0.03 NAN NAN 0.10
DAYS >= .01 3 9.7 -6.7 7
DAYS >= .10 2 5.8 -3.8 3
DAYS >= .50 1 2.4 -1.4 2
DAYS >= 1.00 0 0.7 -0.7 1
GREATEST
24 HR. TOTAL 0.66 02/10 TO 02/10
SNOWFALL (INCHES)
RECORDS
TOTAL 18.4 1993
TOTALS 0.5 3.1 -2.6 T
SINCE 7/1 1.5 9.7 -8.2 MM
SNOWDEPTH AVG. 0 0
DAYS >= TRACE 1
DAYS >= 1.0 0 0.8 -0.8 0
GREATEST
SNOW DEPTH 1 02/17 1 02/01
24 HR TOTAL 0.5 02/16 TO 02/16
STORM TOTAL 0.5
(MM/DD(HH))
DEGREE DAYS
HEATING TOTAL 565 769 -204 560
SINCE 7/1 2872 3472 -600 MM
COOLING TOTAL 3 0 3 0
SINCE 1/1 3 0 3 MM
FREEZE DATES
EARLIEST 10/31
LATEST 04/24
................................................................
WIND (MPH)
AVERAGE WIND SPEED 7.6
HIGHEST WIND SPEED/DIRECTION 28/270 DATE 02/28
HIGHEST GUST SPEED/DIRECTION 45/310 DATE 02/28
SKY COVER
POSSIBLE SUNSHINE (PERCENT) MM
AVERAGE SKY COVER 0.19
NUMBER OF DAYS FAIR 22
NUMBER OF DAYS PC 7
NUMBER OF DAYS CLOUDY 0
AVERAGE RH (PERCENT) 62
WEATHER CONDITIONS. NUMBER OF DAYS WITH
THUNDERSTORM 3 MIXED PRECIP 0
HEAVY RAIN 1 RAIN 2
LIGHT RAIN 5 FREEZING RAIN 0
LT FREEZING RAIN 0 HAIL 0
HEAVY SNOW 1 SNOW 1
LIGHT SNOW 1 SLEET 0
FOG 8 FOG W/VIS <= 1/4 MILE 1
HAZE 3
- INDICATES NEGATIVE NUMBERS.
R INDICATES RECORD WAS SET OR TIED.
MM INDICATES DATA IS MISSING.
T INDICATES TRACE AMOUNT.
$$