753
CXUS52 KILM 011224
CLMFLO


CLIMATE REPORT
NATIONAL WEATHER SERVICE WILMINGTON NC
818 AM EDT TUE MAY 1 2018

...................................

...THE FLORENCE SOUTH  CAROLINA CLIMATE SUMMARY FOR THE MONTH OF APRIL 2018...

CLIMATE NORMAL PERIOD 1981 TO 2010
CLIMATE RECORD PERIOD 1948 TO 2018

WEATHER         OBSERVED          NORMAL  DEPART  LAST YEAR`S
                 VALUE   DATE(S)  VALUE   FROM    VALUE  DATE(S)
                                          NORMAL
................................................................
TEMPERATURE (F)
RECORD
 HIGH              97   04/28/1981
 LOW               26   04/08/2007
HIGHEST            87   04/18        MM      MM       90  04/29
                        04/03                             04/28
LOWEST             35   04/17        MM      MM       35  04/08
AVG. MAXIMUM     74.5              75.8    -1.3     79.4
AVG. MINIMUM     48.5              50.7    -2.2     56.0
MEAN             61.5              63.3    -1.8     67.7
DAYS MAX >= 90      0               1.2    -1.2        2
DAYS MAX <= 32      0               0.0     0.0        0
DAYS MIN <= 32      0               0.3    -0.3        0
DAYS MIN <= 0       0               0.0     0.0        0

PRECIPITATION (INCHES)
RECORD
 MAXIMUM         7.84   1949
 MINIMUM         0.23   2001
TOTALS           5.90              2.62    3.28     4.55
DAILY AVG.       0.20              0.09    0.11
DAYS >= .01         7               8.0    -1.0
DAYS >= .10         7               4.9     2.1
DAYS >= .50         4               1.6     2.4
DAYS >= 1.00        2               0.6     1.4
GREATEST
 24 HR. TOTAL    2.48   04/15 TO 04/15

SNOWFALL (INCHES)
RECORDS
 TOTAL             MM   MM
TOTALS             MM               0.0
SINCE 7/1          MM               1.5

DEGREE_DAYS
HEATING TOTAL     149               124      25       49
 SINCE 7/1       2426              2500     -74
COOLING TOTAL      54                72     -18      138
 SINCE 1/1        113                96      17

FREEZE DATES
RECORD
 EARLIEST     10/14/1988
 LATEST       04/20/1983
EARLIEST                        11/11
LATEST                          03/22
.................................................................

WIND (MPH)
AVERAGE WIND SPEED              8.7
RESULTANT WIND SPEED/DIRECTION   2/224
HIGHEST WIND SPEED/DIRECTION    32/210    DATE  04/15
HIGHEST GUST SPEED/DIRECTION    45/210    DATE  04/15

SKY COVER
POSSIBLE SUNSHINE (PERCENT)   MM
AVERAGE SKY COVER           0.30
NUMBER OF DAYS FAIR           19
NUMBER OF DAYS PC              9
NUMBER OF DAYS CLOUDY          2

AVERAGE RH (PERCENT)     62

WEATHER CONDITIONS. NUMBER OF DAYS WITH
THUNDERSTORM              2     MIXED PRECIP               M
HEAVY RAIN                5     RAIN                       7
LIGHT RAIN               10     FREEZING RAIN              0
LT FREEZING RAIN          0     HAIL                       M
HEAVY SNOW                0     SNOW                       0
LIGHT SNOW                0     SLEET                      0
FOG                      12     FOG W/VIS <= 1/4 MILE      2
HAZE                      4

-  INDICATES NEGATIVE NUMBERS.
R  INDICATES RECORD WAS SET OR TIED.
MM INDICATES DATA IS MISSING.
T  INDICATES TRACE AMOUNT.

$$
