675
CXUS53 KGRB 010800
CLMGRB


CLIMATE REPORT
NATIONAL WEATHER SERVICE GREEN BAY
259 AM CDT SUN APR 1 2018

...................................

...THE GREEN BAY WI CLIMATE SUMMARY FOR THE MONTH OF MARCH 2018...

CLIMATE NORMAL PERIOD 1981 TO 2010
CLIMATE RECORD PERIOD 1886 TO 2018

WEATHER         OBSERVED          NORMAL  DEPART  LAST YEAR`S
                 VALUE   DATE(S)  VALUE   FROM    VALUE  DATE(S)
                                          NORMAL
................................................................
TEMPERATURE (F)
RECORD
 HIGH              82   03/21/2012
                        03/29/1910
 LOW              -29   03/01/1962
HIGHEST            55   03/18        59      -4       59  03/07
LOWEST             13   03/08         0      13        6  03/04
                                                          03/03
AVG. MAXIMUM     40.3              39.2     1.1     38.8
AVG. MINIMUM     22.5              22.4     0.1     24.6
MEAN             31.4              30.8     0.6     31.7
DAYS MAX >= 90      0               0.0     0.0        0
DAYS MAX <= 32      4               7.2    -3.2        8
DAYS MIN <= 32     31              26.3     4.7       23
DAYS MIN <= 0       0               1.1    -1.1        0

PRECIPITATION (INCHES)
RECORD
 MAXIMUM         5.69   1888
 MINIMUM         0.15   1999
TOTALS           0.99              1.85   -0.86     2.30
DAILY AVG.       0.03              0.06   -0.03     0.07
DAYS >= .01         7              10.6    -3.6       12
DAYS >= .10         4               4.6    -0.6        7
DAYS >= .50         0               1.2    -1.2        2
DAYS >= 1.00        0               0.3    -0.3        0
GREATEST
 24 HR. TOTAL    0.38   03/31 TO 03/31

SNOWFALL (INCHES)
RECORDS
 TOTAL           48.2   1888
TOTALS            7.0               8.1    -1.1      9.0
SINCE 7/1        31.4              48.3   -16.9     53.2
SNOWDEPTH AVG.      1                 3      -2        1
DAYS >= 1.0         3               2.6     0.4        2
GREATEST
 SNOW DEPTH         5   03/07                          6  03/02
                        03/06
 24 HR TOTAL      3.9   03/06 TO 03/06

DEGREE_DAYS
HEATING TOTAL    1035              1060     -25     1024
 SINCE 7/1       6489              6900    -411     5597
COOLING TOTAL       0                 0       0        0
 SINCE 1/1          0                 0       0        0
.................................................................

WIND (MPH)
AVERAGE WIND SPEED              9.0
HIGHEST WIND SPEED/DIRECTION    30/040    DATE  03/24
HIGHEST GUST SPEED/DIRECTION    35/050    DATE  03/24

SKY COVER
POSSIBLE SUNSHINE (PERCENT)   MM
AVERAGE SKY COVER           0.30
NUMBER OF DAYS FAIR           16
NUMBER OF DAYS PC             11
NUMBER OF DAYS CLOUDY          4

AVERAGE RH (PERCENT)     64

WEATHER CONDITIONS. NUMBER OF DAYS WITH
THUNDERSTORM              0     MIXED PRECIP               0
HEAVY RAIN                0     RAIN                       2
LIGHT RAIN                3     FREEZING RAIN              0
LT FREEZING RAIN          0     HAIL                       0
HEAVY SNOW                0     SNOW                       1
LIGHT SNOW                8     SLEET                      0
FOG                       9     FOG W/VIS <= 1/4 MILE      1
HAZE                      2

-  INDICATES NEGATIVE NUMBERS.
R  INDICATES RECORD WAS SET OR TIED.
MM INDICATES DATA IS MISSING.
T  INDICATES TRACE AMOUNT.

$$
