000
CXUS53 KLBF 011042
CLMIML


CLIMATE REPORT
NATIONAL WEATHER SERVICE NORTH PLATTE
542 AM CDT TUE MAY 1 2018

...................................

...THE IMPERIAL NE CLIMATE SUMMARY FOR THE MONTH OF APRIL 2018...

CLIMATE NORMAL PERIOD 1981 TO 2010
CLIMATE RECORD PERIOD 1893 TO 2018

WEATHER         OBSERVED          NORMAL  DEPART  LAST YEAR`S
                 VALUE   DATE(S)  VALUE   FROM    VALUE  DATE(S)
                                          NORMAL
................................................................
TEMPERATURE (F)
RECORD
 HIGH              95   04/30/1992
                        04/22/1989
 LOW                    04/01/1936
HIGHEST            88   04/29        85       3       81  04/14
LOWEST              5   04/07        19     -14       27  04/11
AVG. MAXIMUM     60.0              62.4    -2.4     63.5
AVG. MINIMUM     28.8              34.6    -5.8     37.8
MEAN             44.4              48.5    -4.1     50.6
DAYS MAX >= 90      0               0.0     0.0        0
DAYS MAX <= 32      0               0.1    -0.1        0
DAYS MIN <= 32     17              10.9     6.1        5
DAYS MIN <= 0       0               0.0     0.0        0

PRECIPITATION (INCHES)
RECORD
 MAXIMUM         6.73   1971
 MINIMUM         0.10   1992
TOTALS           0.98              1.97   -0.99     1.95
DAILY AVG.       0.04              0.07   -0.03     0.07
DAYS >= .01         7                MM      MM        9
DAYS >= .10         3                MM      MM        5
DAYS >= .50         0                MM      MM        1
DAYS >= 1.00        0                MM      MM        0
GREATEST
 24 HR. TOTAL    0.46   04/20 TO 04/20           04/27 TO 04/28
                                                          04/10 TO 04/10EATHER         OBSERVED          NORMAL  DEPART  LAST YEAR`S
                                                          04/10 TO 04/10EATHER         OBSERVED          NORMAL  DEPART  LAST YEAR`S

SNOWFALL (INCHES)
TOTALS             MM

DEGREE_DAYS
HEATING TOTAL     614               496     118      427
 SINCE 7/1       5929              5865      64     5121
COOLING TOTAL       2                 1       1        2
 SINCE 1/1          2                 1       1        2
.................................................................

WIND (MPH)
HIGHEST WIND SPEED/DIRECTION    44/320    DATE  04/13
HIGHEST GUST SPEED/DIRECTION    61/320    DATE  04/13

AVERAGE RH (PERCENT)     62

WEATHER CONDITIONS. NUMBER OF DAYS WITH
THUNDERSTORM              1     MIXED PRECIP               0
HEAVY RAIN                0     RAIN                       1
LIGHT RAIN                7     FREEZING RAIN              0
LT FREEZING RAIN          0     HAIL                       0
HEAVY SNOW                0     SNOW                       0
LIGHT SNOW                4     SLEET                      0
FOG                       7     FOG W/VIS <= 1/4 MILE      0
HAZE                      0

-  INDICATES NEGATIVE NUMBERS.
R  INDICATES RECORD WAS SET OR TIED.
MM INDICATES DATA IS MISSING.
T  INDICATES TRACE AMOUNT.

$$
