000
CXUS52 KJAX 011312
CLMJAX
CLIMATE REPORT
NATIONAL WEATHER SERVICE JACKSONVILLE FL
912 AM EDT MON APR 01 2024
...................................
...THE JACKSONVILLE CLIMATE SUMMARY FOR THE MONTH OF MARCH 2024...
CLIMATE NORMAL PERIOD: 1991 TO 2020
CLIMATE RECORD PERIOD: 1871 TO 2024
WEATHER OBSERVED NORMAL DEPART LAST YEAR`S
VALUE DATE(S) VALUE FROM VALUE DATE(S)
NORMAL
................................................................
TEMPERATURE (F)
RECORD
HIGH 94 03/28/2020
LOW 23 03/03/1980
HIGHEST 88 03/09 86 2 90 03/27
03/15
LOWEST 38 03/20 33 5 33 03/16
AVG. MAXIMUM 76.2 74.3 1.9 78.3
AVG. MINIMUM 54.9 50.6 4.3 52.6
MEAN 65.5 62.4 3.1 65.4
DAYS MAX >= 90 0 0.2 -0.2 1
DAYS MIN <= 32 0 1.0 -1.0 0
PRECIPITATION (INCHES)
RECORD
MAXIMUM 12.52 1948
MINIMUM 0.12 1945
TOTALS 5.69 3.29 2.40 3.33
DAILY AVG. 0.18 0.11 0.07 0.11
DAYS >= .01 12 8.0 4.0 9
DAYS >= .10 11 5.6 5.4 6
DAYS >= .50 5 2.2 2.8 4
DAYS >= 1.00 1 0.8 0.2 1
GREATEST
24 HR. TOTAL 1.69 03/09 TO 03/09
SNOWFALL (INCHES)
RECORDS
TOTAL 0.5 1986
TOTALS 0.0 0.0 0.0 0.0
DEGREE DAYS
HEATING TOTAL 60 143 -83 107
SINCE 7/1 1020 1180 -160 MM
COOLING TOTAL 83 64 19 129
SINCE 1/1 123 103 20 MM
................................................................
WIND (MPH)
AVERAGE WIND SPEED 7.0
HIGHEST WIND SPEED/DIRECTION 29/040 DATE 03/24
HIGHEST GUST SPEED/DIRECTION 44/040 DATE 03/24
SKY COVER
AVERAGE SKY COVER 0.65
AVERAGE RH (PERCENT) 73
WEATHER CONDITIONS. NUMBER OF DAYS WITH
THUNDERSTORM 8 MIXED PRECIP 0
HEAVY RAIN 7 RAIN 11
LIGHT RAIN 12 FREEZING RAIN 0
LT FREEZING RAIN 0 HAIL 0
HEAVY SNOW 0 SNOW 0
LIGHT SNOW 0 SLEET 0
FOG 15 FOG W/VIS <= 1/4 MILE 4
HAZE 0
- INDICATES NEGATIVE NUMBERS.
R INDICATES RECORD WAS SET OR TIED.
MM INDICATES DATA IS MISSING.
T INDICATES TRACE AMOUNT.
$$