000
CXUS52 KJAX 012108
CLMJAX

CLIMATE REPORT
NATIONAL WEATHER SERVICE JACKSONVILLE FL
1007 AM EDT SUN APR 1 2018

...................................

...THE JACKSONVILLE CLIMATE SUMMARY FOR THE MONTH OF MARCH 2018...

CLIMATE NORMAL PERIOD 1981 TO 2010
CLIMATE RECORD PERIOD 1871 TO 2018

WEATHER         OBSERVED          NORMAL  DEPART  LAST YEAR`S
                 VALUE   DATE(S)  VALUE   FROM    VALUE  DATE(S)
                                          NORMAL
................................................................
TEMPERATURE (F)
RECORD
 HIGH              91   03/10/1974
                        03/12/1967
                        03/23/1935
 LOW               23   03/03/1980
HIGHEST            86   03/01        73      13       88  03/30
                                                          03/29
                                                          03/01
LOWEST             30   03/15        50     -20       28  03/16
AVG. MAXIMUM     72.4              73.7    -1.3     75.1
AVG. MINIMUM     46.7              49.7    -3.0     49.4
MEAN             59.5              61.7    -2.2     62.3
DAYS MAX >= 90      0               0.0     0.0        0
DAYS MAX <= 32      0               0.0     0.0        0
DAYS MIN <= 32      2               0.8     1.2        2
DAYS MIN <= 0       0               0.0     0.0        0

PRECIPITATION (INCHES)
RECORD
 MAXIMUM        12.52   1948
 MINIMUM         0.12   1945
TOTALS           2.14              3.95   -1.81     1.07
DAILY AVG.       0.07              0.13   -0.06     0.03
DAYS >= .01         8               8.2    -0.2        4
DAYS >= .10         6               5.9     0.1        3
DAYS >= .50         1               2.5    -1.5        1
DAYS >= 1.00        0               1.2    -1.2        0
GREATEST
 24 HR. TOTAL    0.84

SNOWFALL (INCHES)
RECORDS
 TOTAL            0.5   1986
TOTALS              T                 T     0.0      0.0
SINCE 7/1           T                 T     0.0      0.0
SNOWDEPTH AVG.      0                MM      MM        0
DAYS >= 1.0         0               0.0     0.0        0
GREATEST
 SNOW DEPTH         0   MM                             0  MM
 24 HR TOTAL        T

DEGREE_DAYS
HEATING TOTAL     202               156      46      158
 SINCE 7/1       1068              1289    -221      761
COOLING TOTAL      40                54     -14       79
 SINCE 1/1        155                83      72      151
.................................................................

WIND (MPH)
AVERAGE WIND SPEED              8.5
HIGHEST WIND SPEED/DIRECTION    31/280    DATE  03/21
HIGHEST GUST SPEED/DIRECTION    44/260    DATE  03/21

SKY COVER
POSSIBLE SUNSHINE (PERCENT)   MM
AVERAGE SKY COVER           0.50
NUMBER OF DAYS FAIR           11
NUMBER OF DAYS PC             15
NUMBER OF DAYS CLOUDY          5

AVERAGE RH (PERCENT)     63

WEATHER CONDITIONS. NUMBER OF DAYS WITH
  0
  5
  0
  1
  0
  0
  2
HAZE                      2

-  INDICATES NEGATIVE NUMBERS.
R  INDICATES RECORD WAS SET OR TIED.
MM INDICATES DATA IS MISSING.
T  INDICATES TRACE AMOUNT.

$$
