000
CXUS54 KMAF 011406
CLMMAF


CLIMATE REPORT
NATIONAL WEATHER SERVICE MIDLAND TX
905 AM CDT TUE MAY 1 2018

...................................

...THE MIDLAND CLIMATE SUMMARY FOR THE MONTH OF APRIL 2018...

CLIMATE NORMAL PERIOD 1981 TO 2010
CLIMATE RECORD PERIOD 1930 TO 2018

WEATHER         OBSERVED          NORMAL  DEPART  LAST YEAR`S
                 VALUE   DATE(S)  VALUE   FROM    VALUE  DATE(S)
                                          NORMAL
................................................................
TEMPERATURE (F)
RECORD
 HIGH             104   04/25/2012
 LOW               20   04/09/1973
HIGHEST            98   04/12        79      19       95  04/24
LOWEST             35   04/07        49     -14       39  04/30
AVG. MAXIMUM     82.0              79.2     2.8     81.4
AVG. MINIMUM     48.6              49.3    -0.7     54.1
MEAN             65.3              64.2     1.1     67.8
DAYS MAX >= 90      7               3.7     3.3        8
DAYS MAX <= 32      0               0.0     0.0        0
DAYS MIN <= 32      0               0.6    -0.6        0
DAYS MIN <= 0       0               0.0     0.0        0

PRECIPITATION (INCHES)
RECORD
 MAXIMUM         3.59   1931
 MINIMUM         0.00   2011
                        1998
                        1964
TOTALS              T              0.65   -0.65     2.48
DAILY AVG.          T              0.02   -0.02     0.08
DAYS >= .01         0               2.9    -2.9        4
DAYS >= .10         0               1.6    -1.6        2
DAYS >= .50         0               0.3    -0.3        2
DAYS >= 1.00        0               0.1    -0.1        1
GREATEST
 24 HR. TOTAL       T   04/25 TO 04/25              1.47

SNOWFALL (INCHES)
RECORDS
 TOTAL            2.0   1996
TOTALS            0.0               0.1    -0.1      0.0
SINCE 7/1           T               4.8    -4.8      0.3
SNOWDEPTH AVG.      0                MM      MM        0
DAYS >= 1.0         0               0.1    -0.1        0
GREATEST
 SNOW DEPTH         0   MM                             0  MM
 24 HR TOTAL      0.0   04/30 TO 04/30               0.0

DEGREE_DAYS
HEATING TOTAL      75               112     -37       61
 SINCE 7/1       2155              2656    -501     1677
COOLING TOTAL      92                90       2      151
 SINCE 1/1        167               108      59      276
.................................................................

WIND (MPH)
AVERAGE WIND SPEED              14.0
HIGHEST WIND SPEED/DIRECTION    45/270    DATE  04/13
HIGHEST GUST SPEED/DIRECTION    56/240    DATE  04/13

SKY COVER
POSSIBLE SUNSHINE (PERCENT)   MM
AVERAGE SKY COVER           0.10
NUMBER OF DAYS FAIR           25
NUMBER OF DAYS PC              5
NUMBER OF DAYS CLOUDY          0

AVERAGE RH (PERCENT)     41

WEATHER CONDITIONS. NUMBER OF DAYS WITH
  0
  0
  0
  0
  0
  0
  0
HAZE                     12

-  INDICATES NEGATIVE NUMBERS.
R  INDICATES RECORD WAS SET OR TIED.
MM INDICATES DATA IS MISSING.
T  INDICATES TRACE AMOUNT.

$$
