000
CXUS53 KEAX 030328 RRA
CLMOJC

CLIMATE REPORT
NATIONAL WEATHER SERVICE KANSAS CITY/PLEASANT HILL MO
1021 PM CDT MON APR 2 2018

...................................

...THE JOHNSON COUNTY EXECUTIVE CLIMATE SUMMARY FOR THE MONTH OF MARCH 2018...

CLIMATE NORMAL PERIOD 1981 TO 2010
CLIMATE RECORD PERIOD 9999 TO 9999

WEATHER         OBSERVED          NORMAL  DEPART  LAST YEAR`S
                 VALUE   DATE(S)  VALUE   FROM    VALUE  DATE(S)
                                          NORMAL
................................................................
TEMPERATURE (F)
HIGHEST            75   03/15        77      -2       85  03/19
LOWEST             20   03/08        16       4       19  03/15
AVG. MAXIMUM     53.8              55.3    -1.5     57.7
AVG. MINIMUM     34.2              34.5    -0.3     39.1
MEAN             44.0              44.9    -0.9     48.4
DAYS MAX >= 90      0               0.0     0.0        0
DAYS MAX <= 32      0               0.8    -0.8        1
DAYS MIN <= 32     13              12.8     0.2        9
DAYS MIN <= 0       0               0.1    -0.1        0

PRECIPITATION (INCHES)
TOTALS           3.23              2.63    0.60     2.31
DAILY AVG.       0.10              0.08    0.02     0.07
DAYS >= .01         8               8.7    -0.7       10
DAYS >= .10         3               5.2    -2.2        3
DAYS >= .50         2               1.5     0.5        1
DAYS >= 1.00        2               0.5     1.5        1
GREATEST
 24 HR. TOTAL    1.65   03/19 TO 03/19

DEGREE_DAYS
HEATING TOTAL     645               624      21      517
 SINCE 7/1       4533              4517      16     3657
COOLING TOTAL       0                 1      -1        9
 SINCE 1/1          0                 1      -1        9
.................................................................

WIND (MPH)
AVERAGE WIND SPEED              10.4
HIGHEST WIND SPEED/DIRECTION    31/310    DATE  03/06
HIGHEST GUST SPEED/DIRECTION    46/320    DATE  03/06

SKY COVER
POSSIBLE SUNSHINE (PERCENT)   MM
AVERAGE SKY COVER           0.50
NUMBER OF DAYS FAIR           12
NUMBER OF DAYS PC              8
NUMBER OF DAYS CLOUDY         11

AVERAGE RH (PERCENT)     66

WEATHER CONDITIONS. NUMBER OF DAYS WITH
  0
  3
  0
  0
  0
  0
  1
HAZE                      3

-  INDICATES NEGATIVE NUMBERS.
R  INDICATES RECORD WAS SET OR TIED.
MM INDICATES DATA IS MISSING.
T  INDICATES TRACE AMOUNT.

$$
