000
CXUS51 KAKQ 011222
CLMORF


CLIMATE REPORT
NATIONAL WEATHER SERVICE WAKEFIELD, VA
822 AM EDT SUN APR 1 2018

...................................

...THE NORFOLK VA CLIMATE SUMMARY FOR THE MONTH OF MARCH 2018...

CLIMATE NORMAL PERIOD 1981 TO 2010
CLIMATE RECORD PERIOD 1871 TO 2018

WEATHER         OBSERVED          NORMAL  DEPART  LAST YEAR`S
                 VALUE   DATE(S)  VALUE   FROM    VALUE  DATE(S)
                                          NORMAL
................................................................
TEMPERATURE (F)
RECORD
 HIGH              92   03/29/1907
 LOW               14   03/14/1888
HIGHEST            83   03/29        80       3       83  03/01
LOWEST             28   03/17        27       1       26  03/15
AVG. MAXIMUM     53.0              58.2    -5.2     59.0
AVG. MINIMUM     39.1              40.5    -1.4     41.0
MEAN             46.1              49.4    -3.3     50.0
DAYS MAX >= 90      0               0.0     0.0        0
DAYS MAX <= 32      0               0.1    -0.1        0
DAYS MIN <= 32      5               4.1     0.9        7
DAYS MIN <= 0       0               0.0     0.0        0

PRECIPITATION (INCHES)
RECORD
 MAXIMUM        10.36   1994
 MINIMUM         0.52   2006
TOTALS           3.88              3.68    0.20     4.61
DAILY AVG.       0.13              0.12    0.01     0.15
DAYS >= .01        10              10.6    -0.6        9
DAYS >= .10         7               7.2    -0.2        6
DAYS >= .50         3               2.4     0.6        3
DAYS >= 1.00        1               0.8     0.2        2
GREATEST
 24 HR. TOTAL    1.34   03/20 TO 03/20

SNOWFALL (INCHES)
RECORDS
 TOTAL           14.0   5
                        0
                        -26215
TOTALS            2.0
SINCE 7/1        15.1               5.8     9.3      5.4
SNOWDEPTH AVG.      0                MM      MM        0
DAYS >= 1.0         1               0.0     1.0        0
GREATEST
 SNOW DEPTH         1   03/13                          0  MM
 24 HR TOTAL      2.0   03/12 TO 03/12           03/19 TO 03/19
                                                          03/19 TO 03/19
                                                          03/19 TO 03/19

DEGREE_DAYS
HEATING TOTAL     586
 SINCE 7/1       2940              3061    -121     2524
COOLING TOTAL       7                 6       1       16
 SINCE 1/1         22                 7      15       19
..........................................................

WIND (MPH)
AVERAGE WIND SPEED              10.6
HIGHEST WIND SPEED/DIRECTION    30/040    DATE  03/25
HIGHEST GUST SPEED/DIRECTION    47/280    DATE  03/02

SKY COVER
POSSIBLE SUNSHINE (PERCENT)   MM
AVERAGE SKY COVER           0.50

AVERAGE RH (PERCENT)     63

WEATHER CONDITIONS. NUMBER OF DAYS WITH
THUNDERSTORM              0     MIXED PRECIP               0
HEAVY RAIN                5     RAIN                       6
LIGHT RAIN               13     FREEZING RAIN              0
LT FREEZING RAIN          0     HAIL                       0
HEAVY SNOW                0     SNOW                       0
LIGHT SNOW                2     SLEET                      0
FOG                       8     FOG W/VIS <= 1/4 MILE      0
HAZE                      0

-  INDICATES NEGATIVE NUMBERS.
R  INDICATES RECORD WAS SET OR TIED.
MM INDICATES DATA IS MISSING.
T  INDICATES TRACE AMOUNT.

$$
