086
CXUS56 KMTR 021802
CLMSNS


CLIMATE REPORT
NATIONAL WEATHER SERVICE SAN FRANCISCO BAY AREA
1102 AM PDT WED MAY 2 2018

...................................

...THE SALINAS AIRPORT CLIMATE SUMMARY FOR THE MONTH OF APRIL 2018...

CLIMATE NORMAL PERIOD 1981 TO 2010
CLIMATE RECORD PERIOD 1930 TO 2018

WEATHER         OBSERVED          NORMAL  DEPART  LAST YEAR`S
                 VALUE   DATE(S)  VALUE   FROM    VALUE  DATE(S)
                                          NORMAL
................................................................
TEMPERATURE (F)
RECORD
 HIGH             100   04/26/2004
 LOW               29   04/09/1933
HIGHEST            82   04/09                         79  04/21
LOWEST             41   04/13                         38  04/10
AVG. MAXIMUM     66.7              67.1    -0.4     68.7
AVG. MINIMUM     47.9              46.3     1.6     48.6
MEAN             57.3              56.7     0.6     58.7
DAYS MAX >= 90      0                                  0
DAYS MAX <= 32      0                                  0
DAYS MIN <= 32      0                                  0
DAYS MIN <= 0       0                                  0

PRECIPITATION (INCHES)
RECORD
 MAXIMUM           MM   MM
 MINIMUM           MM   MM
TOTALS           1.84              0.93    0.91     0.84
DAILY AVG.       0.06                               0.03
DAYS >= .01         5                                  8
DAYS >= .10         4                                  3
DAYS >= .50         1                                  0
DAYS >= 1.00        1                                  0
GREATEST
 24 HR. TOTAL    1.11   04/07 TO 04/07           04/06 TO 04/07
                                                          04/30 TO 04/30EATHER         OBSERVED          NORMAL  DEPART  LAST YEAR`S
                                                          04/30 TO 04/30EATHER         OBSERVED          NORMAL  DEPART  LAST YEAR`S

DEGREE_DAYS
HEATING TOTAL     225               255     -30      188
 SINCE 7/1       1929              2389    -460     2189
COOLING TOTAL       0                 6      -6        3
 SINCE 1/1          6                 7      -1        4
.................................................................

WIND (MPH)
AVERAGE WIND SPEED              7.5
RESULTANT WIND SPEED/DIRECTION   5/266
HIGHEST WIND SPEED/DIRECTION    29/270    DATE  04/16
HIGHEST GUST SPEED/DIRECTION    36/280    DATE  04/16

SKY COVER
POSSIBLE SUNSHINE (PERCENT)   MM
AVERAGE SKY COVER           0.30
NUMBER OF DAYS FAIR           17
NUMBER OF DAYS PC             10
NUMBER OF DAYS CLOUDY          3

AVERAGE RH (PERCENT)     70

WEATHER CONDITIONS. NUMBER OF DAYS WITH
  0
  4
  0
  0
  0
  0
  0
HAZE                      9

-  INDICATES NEGATIVE NUMBERS.
R  INDICATES RECORD WAS SET OR TIED.
MM INDICATES DATA IS MISSING.
T  INDICATES TRACE AMOUNT.

$$
