000
CXUS51 KCLE 011754
CLMYNG
CLIMATE REPORT
NATIONAL WEATHER SERVICE CLEVELAND, OH
154 PM EDT MON APR 01 2024
...................................
...THE YOUNGSTOWN OH CLIMATE SUMMARY FOR THE MONTH OF MARCH 2024...
CLIMATE NORMAL PERIOD 1991 TO 2020
CLIMATE RECORD PERIOD 1897 TO 2024
WEATHER OBSERVED NORMAL DEPART LAST YEAR`S
VALUE DATE(S) VALUE FROM VALUE
NORMAL
..............................................................
TEMPERATURE (F)
RECORD
HIGH 82 03/30/1986
LOW -10 03/02/1980
HIGHEST 75 03/05
LOWEST 21 03/01
03/22
03/24
AVG. MAXIMUM 52.7 46.6 6.1 47.3
AVG. MINIMUM 33.3 27.8 5.5 28.8
MEAN 43.0 37.2 5.8 38.1
DAYS MAX >= 90 0 0.0 0.0 0
DAYS MAX <= 32 1 4.5 -3.5 1
DAYS MIN <= 32 16 22.2 -6.2 21
DAYS MIN <= 0 0 0.2 -0.2 0
PRECIPITATION (INCHES)
RECORD
MAXIMUM 6.38 2008
MINIMUM 1.07
TOTALS 3.27 3.21 0.06 4.56
DAYS >= .01 17 15.1 1.9 18
DAYS >= .10 11 8.1 2.9 10
DAYS >= .50 2 1.8 0.2 3
DAYS >= 1.00 0 0.4 -0.4 0
GREATEST
24 HR. TOTAL 0.75 03/26 TO 03/27 1.09
SNOWFALL (INCHES)
RECORDS
TOTAL 30.9 1993
TOTALS 5.1 10.5 -5.4 4.6
SINCE 7/1 29.5 65.2 -35.7 22.8
DAYS >= 1.0 2 3.0 -1.0 1
GREATEST
24 HR TOTAL 2.0 03/10 TO 03/10
DEGREE DAYS
HEATING TOTAL 676 862 -186 830
SINCE 7/1 4403 5334 -931 4660
COOLING TOTAL 0 1 -1 0
SINCE 1/1 0 1 -1 0
..............................................................
WIND (MPH)
AVERAGE WIND SPEED 9.6
HIGHEST WIND SPEED/DIRECTION 33/140 DATE 03/26
HIGHEST GUST SPEED/DIRECTION 47/160 DATE 03/26
SKY COVER
AVERAGE SKY COVER 0.71
AVERAGE RH (PERCENT) 68
WEATHER CONDITIONS. NUMBER OF DAYS WITH
THUNDERSTORM 2 MIXED PRECIP 1
HEAVY RAIN 0 RAIN 3
LIGHT RAIN 16 FREEZING RAIN 0
LT FREEZING RAIN 2 HAIL 0
HEAVY SNOW 2 SNOW 2
LIGHT SNOW 8 SLEET 3
FOG 21 FOG W/VIS <= 1/4 MILE 5
HAZE 2
- INDICATES NEGATIVE NUMBERS.
R INDICATES RECORD WAS SET OR TIED.
MM INDICATES DATA IS MISSING.
T INDICATES TRACE AMOUNT.
$$