335
CDUS43 KDLH 180647
CLIDLH


CLIMATE REPORT
NATIONAL WEATHER SERVICE DULUTH MN
146 AM CDT WED APR 18 2018


...................................

...THE DULUTH MN CLIMATE SUMMARY FOR APRIL 17 2018...

CLIMATE NORMAL PERIOD 1981 TO 2010
CLIMATE RECORD PERIOD 1870 TO 2018


WEATHER ITEM   OBSERVED TIME   RECORD YEAR NORMAL DEPARTURE LAST
                VALUE   (LST)  VALUE       VALUE  FROM      YEAR
                                                  NORMAL
..................................................................
TEMPERATURE (F)
 YESTERDAY
  MAXIMUM         42    139 PM  82    1987  50     -8       42
  MINIMUM         21    450 AM   8    1983  31    -10       30
  AVERAGE         32                        40     -8       36

PRECIPITATION (IN)
  YESTERDAY        0.00          0.65 1894   0.08  -0.08      T
  MONTH TO DATE    1.03                      1.24  -0.21     0.45
  SINCE MAR 1      1.47                      2.73  -1.26     1.50
  SINCE JAN 1      3.83                      4.50  -0.67     4.46

SNOWFALL (IN)
  YESTERDAY        0.0           5.4  1949   0.3   -0.3       T
  MONTH TO DATE   18.3                       5.0   13.3       T
  SINCE MAR 1     23.4                      18.2    5.2      5.3
  SINCE JUL 1     91.7                      83.8    7.9     64.3
  SNOW DEPTH      12

DEGREE DAYS
 HEATING
  YESTERDAY       33                        25      8       29
  MONTH TO DATE  679                       484    195      345
  SINCE MAR 1   1876                      1694    182     1538
  SINCE JUL 1   8897                      8561    336     7228

 COOLING
  YESTERDAY        0                         0      0        0
  MONTH TO DATE    0                         0      0        0
  SINCE MAR 1      0                         0      0        0
  SINCE JAN 1      0                         0      0        0
..................................................................


WIND (MPH)
  HIGHEST WIND SPEED    25   HIGHEST WIND DIRECTION    NE (40)
  HIGHEST GUST SPEED    30   HIGHEST GUST DIRECTION    NE (40)
  AVERAGE WIND SPEED    11.0


SKY COVER
  AVERAGE SKY COVER 0.3


WEATHER CONDITIONS
 THE FOLLOWING WEATHER WAS RECORDED YESTERDAY.
  NO SIGNIFICANT WEATHER WAS OBSERVED.


RELATIVE HUMIDITY (PERCENT)
 HIGHEST    84           300 AM
 LOWEST     50          1200 PM
 AVERAGE    67

..........................................................


THE DULUTH MN CLIMATE NORMALS FOR TODAY
                         NORMAL    RECORD    YEAR
 MAXIMUM TEMPERATURE (F)   51        81      1915
 MINIMUM TEMPERATURE (F)   31        12      1983


SUNRISE AND SUNSET
APRIL 18 2018.........SUNRISE   616 AM CDT   SUNSET   801 PM CDT
APRIL 19 2018.........SUNRISE   614 AM CDT   SUNSET   803 PM CDT


-  INDICATES NEGATIVE NUMBERS.
R  INDICATES RECORD WAS SET OR TIED.
MM INDICATES DATA IS MISSING.
T  INDICATES TRACE AMOUNT.




$$
