000
CDUS43 KDLH 182227
CLIDLH


CLIMATE REPORT
NATIONAL WEATHER SERVICE DULUTH MN
527 PM CDT FRI MAY 18 2018


...................................

...THE DULUTH CLIMATE SUMMARY FOR MAY 18 2018...
VALID TODAY AS OF 0500 PM LOCAL TIME.

CLIMATE NORMAL PERIOD 1981 TO 2010
CLIMATE RECORD PERIOD 1870 TO 2018


WEATHER ITEM   OBSERVED TIME   RECORD YEAR NORMAL DEPARTURE LAST
                VALUE   (LST)  VALUE       VALUE  FROM      YEAR
                                                  NORMAL
..................................................................
TEMPERATURE (F)
 TODAY
  MAXIMUM         66    339 PM  87    2012  63      3       58
  MINIMUM         39    511 AM  27    1915  41     -2       38
  AVERAGE         53                        52      1       48

PRECIPITATION (IN)
  TODAY            0.00          1.31 1883   0.11  -0.11     0.20
  MONTH TO DATE    0.37                      1.83  -1.46     2.83
  SINCE MAR 1      2.20                      5.75  -3.55     6.90
  SINCE JAN 1      4.56                      7.52  -2.96     9.86

SNOWFALL (IN)
  TODAY            0.0           0.1  1968   0.0    0.0      0.0
  MONTH TO DATE    0.0                       0.4   -0.4      0.8
  SINCE JUL 1     91.9                      86.1    5.8     67.0
  SNOW DEPTH       0

DEGREE DAYS
 HEATING
  TODAY           12                        13     -1       17
  MONTH TO DATE  210                       280    -70      275
  SINCE MAR 1   2365                      2252    113     2146
  SINCE JUL 1   9386                      9119    267     7836

 COOLING
  TODAY            0                         0      0        0
  MONTH TO DATE    5                         0      5        0
  SINCE MAR 1      5                         0      5        0
  SINCE JAN 1      5                         0      5        0
..................................................................


WIND (MPH)
  HIGHEST WIND SPEED    20   HIGHEST WIND DIRECTION     E (110)
  HIGHEST GUST SPEED    23   HIGHEST GUST DIRECTION    SE (120)
  AVERAGE WIND SPEED    13.9


SKY COVER
  AVERAGE SKY COVER 0.1


WEATHER CONDITIONS
 THE FOLLOWING WEATHER WAS RECORDED TODAY.
  NO SIGNIFICANT WEATHER WAS OBSERVED.


RELATIVE HUMIDITY (PERCENT)
 HIGHEST    65           600 AM
 LOWEST     36           100 PM
 AVERAGE    51

..........................................................


THE DULUTH CLIMATE NORMALS FOR TOMORROW
                         NORMAL    RECORD    YEAR
 MAXIMUM TEMPERATURE (F)   63        85      1972
                                             1941
                                             1925
 MINIMUM TEMPERATURE (F)   42        26      1929


SUNRISE AND SUNSET
MAY 18 2018...........SUNRISE   530 AM CDT   SUNSET   841 PM CDT
MAY 19 2018...........SUNRISE   529 AM CDT   SUNSET   842 PM CDT


-  INDICATES NEGATIVE NUMBERS.
R  INDICATES RECORD WAS SET OR TIED.
MM INDICATES DATA IS MISSING.
T  INDICATES TRACE AMOUNT.




$$
