000
CDUS43 KDLH 202242
CLIDLH


CLIMATE REPORT
NATIONAL WEATHER SERVICE DULUTH MN
542 PM CDT SUN MAY 20 2018


...................................

...THE DULUTH CLIMATE SUMMARY FOR MAY 20 2018...
VALID TODAY AS OF 0500 PM LOCAL TIME.

CLIMATE NORMAL PERIOD 1981 TO 2010
CLIMATE RECORD PERIOD 1870 TO 2018


WEATHER ITEM   OBSERVED TIME   RECORD YEAR NORMAL DEPARTURE LAST
                VALUE   (LST)  VALUE       VALUE  FROM      YEAR
                                                  NORMAL
..................................................................
TEMPERATURE (F)
 TODAY
  MAXIMUM         68    359 PM  88    2009  64      4       47
  MINIMUM         31    513 AM  26    1986  42    -11       37
  AVERAGE         50                        53     -3       42

PRECIPITATION (IN)
  TODAY            0.00          1.74 1891   0.10  -0.10     0.64
  MONTH TO DATE    0.39                      2.04  -1.65     3.47
  SINCE MAR 1      2.22                      5.96  -3.74     7.54
  SINCE JAN 1      4.58                      7.73  -3.15    10.50

SNOWFALL (IN)
  TODAY            0.0           0.1  2007   0.0    0.0       T
  MONTH TO DATE    0.0                       0.4   -0.4      0.8
  SINCE JUL 1     91.9                      86.1    5.8     67.0
  SNOW DEPTH       0

DEGREE DAYS
 HEATING
  TODAY           15                        13      2       23
  MONTH TO DATE  242                       306    -64      320
  SINCE MAR 1   2397                      2278    119     2191
  SINCE JUL 1   9418                      9145    273     7881

 COOLING
  TODAY            0                         0      0        0
  MONTH TO DATE    5                         0      5        0
  SINCE MAR 1      5                         0      5        0
  SINCE JAN 1      5                         0      5        0
..................................................................


WIND (MPH)
  HIGHEST WIND SPEED    12   HIGHEST WIND DIRECTION     S (180)
  HIGHEST GUST SPEED    12   HIGHEST GUST DIRECTION     S (180)
  AVERAGE WIND SPEED     4.9


SKY COVER
  AVERAGE SKY COVER 0.0


WEATHER CONDITIONS
 THE FOLLOWING WEATHER WAS RECORDED TODAY.
  FOG


RELATIVE HUMIDITY (PERCENT)
 HIGHEST    89           500 AM
 LOWEST     21           400 PM
 AVERAGE    55

..........................................................


THE DULUTH CLIMATE NORMALS FOR TOMORROW
                         NORMAL    RECORD    YEAR
 MAXIMUM TEMPERATURE (F)   64        88      1964
 MINIMUM TEMPERATURE (F)   42        28      1971


SUNRISE AND SUNSET
MAY 20 2018...........SUNRISE   528 AM CDT   SUNSET   843 PM CDT
MAY 21 2018...........SUNRISE   527 AM CDT   SUNSET   844 PM CDT


-  INDICATES NEGATIVE NUMBERS.
R  INDICATES RECORD WAS SET OR TIED.
MM INDICATES DATA IS MISSING.
T  INDICATES TRACE AMOUNT.




$$
