410
CDUS43 KDLH 200645
CLIDLH


CLIMATE REPORT
NATIONAL WEATHER SERVICE DULUTH MN
144 AM CDT FRI APR 20 2018


...................................

...THE DULUTH MN CLIMATE SUMMARY FOR APRIL 19 2018...

CLIMATE NORMAL PERIOD 1981 TO 2010
CLIMATE RECORD PERIOD 1870 TO 2018


WEATHER ITEM   OBSERVED TIME   RECORD YEAR NORMAL DEPARTURE LAST
                VALUE   (LST)  VALUE       VALUE  FROM      YEAR
                                                  NORMAL
..................................................................
TEMPERATURE (F)
 YESTERDAY
  MAXIMUM         54    527 PM  79    1923  51      3       45
  MINIMUM         20    312 AM  14    1897  32    -12       35
  AVERAGE         37                        41     -4       40

PRECIPITATION (IN)
  YESTERDAY        0.00          2.61 1948   0.08  -0.08     0.01
  MONTH TO DATE    1.03                      1.41  -0.38     1.29
  SINCE MAR 1      1.47                      2.90  -1.43     2.34
  SINCE JAN 1      3.83                      4.67  -0.84     5.30

SNOWFALL (IN)
  YESTERDAY        0.0           5.4  1922   0.2   -0.2      0.0
  MONTH TO DATE   18.3                       5.4   12.9       T
  SINCE MAR 1     23.4                      18.6    4.8      5.3
  SINCE JUL 1     91.7                      84.2    7.5     64.3
  SNOW DEPTH       6

DEGREE DAYS
 HEATING
  YESTERDAY       28                        24      4       25
  MONTH TO DATE  739                       532    207      398
  SINCE MAR 1   1936                      1742    194     1591
  SINCE JUL 1   8957                      8609    348     7281

 COOLING
  YESTERDAY        0                         0      0        0
  MONTH TO DATE    0                         0      0        0
  SINCE MAR 1      0                         0      0        0
  SINCE JAN 1      0                         0      0        0
..................................................................


WIND (MPH)
  HIGHEST WIND SPEED    17   HIGHEST WIND DIRECTION     N (340)
  HIGHEST GUST SPEED    18   HIGHEST GUST DIRECTION     N (350)
  AVERAGE WIND SPEED     6.4


SKY COVER
  AVERAGE SKY COVER 0.0


WEATHER CONDITIONS
 THE FOLLOWING WEATHER WAS RECORDED YESTERDAY.
  NO SIGNIFICANT WEATHER WAS OBSERVED.


RELATIVE HUMIDITY (PERCENT)
 HIGHEST    62           500 AM
 LOWEST     19           200 PM
 AVERAGE    41

..........................................................


THE DULUTH MN CLIMATE NORMALS FOR TODAY
                         NORMAL    RECORD    YEAR
 MAXIMUM TEMPERATURE (F)   52        76      1987
 MINIMUM TEMPERATURE (F)   32        11      2013


SUNRISE AND SUNSET
APRIL 20 2018.........SUNRISE   612 AM CDT   SUNSET   804 PM CDT
APRIL 21 2018.........SUNRISE   610 AM CDT   SUNSET   805 PM CDT


-  INDICATES NEGATIVE NUMBERS.
R  INDICATES RECORD WAS SET OR TIED.
MM INDICATES DATA IS MISSING.
T  INDICATES TRACE AMOUNT.




$$
