880
CDUS43 KDLH 152241
CLIDLH


CLIMATE REPORT
NATIONAL WEATHER SERVICE DULUTH MN
541 PM CDT TUE MAY 15 2018


...................................

...THE DULUTH CLIMATE SUMMARY FOR MAY 15 2018...
VALID TODAY AS OF 0500 PM LOCAL TIME.

CLIMATE NORMAL PERIOD 1981 TO 2010
CLIMATE RECORD PERIOD 1870 TO 2018


WEATHER ITEM   OBSERVED TIME   RECORD YEAR NORMAL DEPARTURE LAST
                VALUE   (LST)  VALUE       VALUE  FROM      YEAR
                                                  NORMAL
..................................................................
TEMPERATURE (F)
 TODAY
  MAXIMUM         60   1208 AM  88    1931  62     -2       60
  MINIMUM         46    530 AM  26    2004  40      6       42
  AVERAGE         53                        51      2       51

PRECIPITATION (IN)
  TODAY            0.00          1.28 1915   0.10  -0.10     0.08
  MONTH TO DATE    0.37                      1.51  -1.14     0.61
  SINCE MAR 1      2.20                      5.43  -3.23     4.68
  SINCE JAN 1      4.56                      7.20  -2.64     7.64

SNOWFALL (IN)
  TODAY            0.0           2.0  1907   0.0    0.0      0.0
  MONTH TO DATE    0.0                       0.4   -0.4      0.8
  SINCE JUL 1     91.9                      86.1    5.8     67.0
  SNOW DEPTH       0

DEGREE DAYS
 HEATING
  TODAY           12                        14     -2       14
  MONTH TO DATE  178                       240    -62      234
  SINCE MAR 1   2333                      2212    121     2105
  SINCE JUL 1   9354                      9079    275     7795

 COOLING
  TODAY            0                         0      0        0
  MONTH TO DATE    3                         0      3        0
  SINCE MAR 1      3                         0      3        0
  SINCE JAN 1      3                         0      3        0
..................................................................


WIND (MPH)
  HIGHEST WIND SPEED    20   HIGHEST WIND DIRECTION     E (90)
  HIGHEST GUST SPEED    26   HIGHEST GUST DIRECTION     E (100)
  AVERAGE WIND SPEED     9.5


SKY COVER
  AVERAGE SKY COVER 0.0


WEATHER CONDITIONS
 THE FOLLOWING WEATHER WAS RECORDED TODAY.
  NO SIGNIFICANT WEATHER WAS OBSERVED.


RELATIVE HUMIDITY (PERCENT)
 HIGHEST    54           700 AM
 LOWEST     32          1200 AM
 AVERAGE    43

..........................................................


THE DULUTH CLIMATE NORMALS FOR TOMORROW
                         NORMAL    RECORD    YEAR
 MAXIMUM TEMPERATURE (F)   62        84      1962
 MINIMUM TEMPERATURE (F)   41        20      1929


SUNRISE AND SUNSET
MAY 15 2018...........SUNRISE   534 AM CDT   SUNSET   837 PM CDT
MAY 16 2018...........SUNRISE   533 AM CDT   SUNSET   838 PM CDT


-  INDICATES NEGATIVE NUMBERS.
R  INDICATES RECORD WAS SET OR TIED.
MM INDICATES DATA IS MISSING.
T  INDICATES TRACE AMOUNT.




$$
