000
CDUS43 KDLH 102237
CLIDLH


CLIMATE REPORT
NATIONAL WEATHER SERVICE DULUTH MN
536 PM CDT THU MAY 10 2018


...................................

...THE DULUTH CLIMATE SUMMARY FOR MAY 10 2018...
VALID TODAY AS OF 0500 PM LOCAL TIME.

CLIMATE NORMAL PERIOD 1981 TO 2010
CLIMATE RECORD PERIOD 1870 TO 2018


WEATHER ITEM   OBSERVED TIME   RECORD YEAR NORMAL DEPARTURE LAST
                VALUE   (LST)  VALUE       VALUE  FROM      YEAR
                                                  NORMAL
..................................................................
TEMPERATURE (F)
 TODAY
  MAXIMUM         54    358 PM  86    2007  61     -7       71
                                      1896
  MINIMUM         35    519 AM  23    1981  39     -4       44
  AVERAGE         45                        50     -5       58

PRECIPITATION (IN)
  TODAY            0.00          1.22 1953   0.10  -0.10      T
  MONTH TO DATE    0.37                      1.01  -0.64     0.53
  SINCE MAR 1      2.20                      4.93  -2.73     4.60
  SINCE JAN 1      4.56                      6.70  -2.14     7.56

SNOWFALL (IN)
  TODAY            0.0           5.5  1902   0.0    0.0      0.0
  MONTH TO DATE    0.0                       0.3   -0.3      0.8
  SINCE JUL 1     91.9                      86.0    5.9     67.0
  SNOW DEPTH       0

DEGREE DAYS
 HEATING
  TODAY           20                        15      5        7
  MONTH TO DATE  118                       168    -50      167
  SINCE MAR 1   2273                      2140    133     2038
  SINCE JUL 1   9294                      9007    287     7728

 COOLING
  TODAY            0                         0      0        0
  MONTH TO DATE    0                         0      0        0
  SINCE MAR 1      0                         0      0        0
  SINCE JAN 1      0                         0      0        0
..................................................................


WIND (MPH)
  HIGHEST WIND SPEED    18   HIGHEST WIND DIRECTION     N (350)
  HIGHEST GUST SPEED    25   HIGHEST GUST DIRECTION     N (10)
  AVERAGE WIND SPEED    11.2


SKY COVER
  AVERAGE SKY COVER 0.1


WEATHER CONDITIONS
 THE FOLLOWING WEATHER WAS RECORDED TODAY.
  NO SIGNIFICANT WEATHER WAS OBSERVED.


RELATIVE HUMIDITY (PERCENT)
 HIGHEST    75           400 AM
 LOWEST     28           400 PM
 AVERAGE    52

..........................................................


THE DULUTH CLIMATE NORMALS FOR TOMORROW
                         NORMAL    RECORD    YEAR
 MAXIMUM TEMPERATURE (F)   61        83      1991
 MINIMUM TEMPERATURE (F)   39        23      1963
                                             1946


SUNRISE AND SUNSET
MAY 10 2018...........SUNRISE   540 AM CDT   SUNSET   831 PM CDT
MAY 11 2018...........SUNRISE   539 AM CDT   SUNSET   832 PM CDT


-  INDICATES NEGATIVE NUMBERS.
R  INDICATES RECORD WAS SET OR TIED.
MM INDICATES DATA IS MISSING.
T  INDICATES TRACE AMOUNT.




$$
