000
CDUS43 KDLH 142238
CLIDLH


CLIMATE REPORT
NATIONAL WEATHER SERVICE DULUTH MN
537 PM CDT SAT APR 14 2018


...................................

...THE DULUTH CLIMATE SUMMARY FOR APRIL 14 2018...
VALID TODAY AS OF 0500 PM LOCAL TIME.

CLIMATE NORMAL PERIOD 1981 TO 2010
CLIMATE RECORD PERIOD 1870 TO 2018


WEATHER ITEM   OBSERVED TIME   RECORD YEAR NORMAL DEPARTURE LAST
                VALUE   (LST)  VALUE       VALUE  FROM      YEAR
                                                  NORMAL
..................................................................
TEMPERATURE (F)
 TODAY
  MAXIMUM         29   1236 AM  82    1908  49    -20       58
  MINIMUM         22    359 PM   8    2013  29     -7       37
                                      1926
  AVERAGE         26                        39    -13       48

PRECIPITATION (IN)
  TODAY            T             1.61 1886   0.09  -0.09      T
  MONTH TO DATE    0.39                      0.99  -0.60     0.43
  SINCE MAR 1      0.83                      2.48  -1.65     1.48
  SINCE JAN 1      3.19                      4.25  -1.06     4.44

SNOWFALL (IN)
  TODAY            T            11.6  1983   0.2   -0.2      0.0
  MONTH TO DATE    4.9                       4.2    0.7      0.0
  SINCE JUL 1     78.3                      83.0   -4.7     64.3
  SNOW DEPTH       4

DEGREE DAYS
 HEATING
  TODAY           39                        26     13       17
  MONTH TO DATE  567                       408    159      293
  SINCE MAR 1   1764                      1618    146     1486
  SINCE JUL 1   8785                      8485    300     7176

 COOLING
  TODAY            0                         0      0        0
  MONTH TO DATE    0                         0      0        0
  SINCE MAR 1      0                         0      0        0
  SINCE JAN 1      0                         0      0        0
..................................................................


WIND (MPH)
  HIGHEST WIND SPEED    36   HIGHEST WIND DIRECTION     E (70)
  HIGHEST GUST SPEED    49   HIGHEST GUST DIRECTION    NE (60)
  AVERAGE WIND SPEED    27.8


SKY COVER
  AVERAGE SKY COVER 0.8


WEATHER CONDITIONS
 THE FOLLOWING WEATHER WAS RECORDED TODAY.
  LIGHT SNOW
  BLOWING SNOW


RELATIVE HUMIDITY (PERCENT)
 HIGHEST    77           300 PM
 LOWEST     50          1200 AM
 AVERAGE    64

..........................................................


THE DULUTH CLIMATE NORMALS FOR TOMORROW
                         NORMAL    RECORD    YEAR
 MAXIMUM TEMPERATURE (F)   49        79      1913
 MINIMUM TEMPERATURE (F)   30        11      1935


SUNRISE AND SUNSET
APRIL 14 2018.........SUNRISE   623 AM CDT   SUNSET   756 PM CDT
APRIL 15 2018.........SUNRISE   621 AM CDT   SUNSET   757 PM CDT


-  INDICATES NEGATIVE NUMBERS.
R  INDICATES RECORD WAS SET OR TIED.
MM INDICATES DATA IS MISSING.
T  INDICATES TRACE AMOUNT.




$$
