000
CDUS43 KDLH 120624
CLIDLH


CLIMATE REPORT
NATIONAL WEATHER SERVICE DULUTH MN
121 AM CDT SAT MAY 12 2018


...................................

...THE DULUTH MN CLIMATE SUMMARY FOR MAY 11 2018...

CLIMATE NORMAL PERIOD 1981 TO 2010
CLIMATE RECORD PERIOD 1870 TO 2018


WEATHER ITEM   OBSERVED TIME   RECORD YEAR NORMAL DEPARTURE LAST
                VALUE   (LST)  VALUE       VALUE  FROM      YEAR
                                                  NORMAL
..................................................................
TEMPERATURE (F)
 YESTERDAY
  MAXIMUM         53    243 PM  83    1991  61     -8       65
  MINIMUM         32    424 AM  23    1963  39     -7       38
                                      1946
  AVERAGE         43                        50     -7       52

PRECIPITATION (IN)
  YESTERDAY        0.00          1.12 1908   0.10  -0.10     0.00
  MONTH TO DATE    0.37                      1.11  -0.74     0.53
  SINCE MAR 1      2.20                      5.03  -2.83     4.60
  SINCE JAN 1      4.56                      6.80  -2.24     7.56

SNOWFALL (IN)
  YESTERDAY        0.0           0.6  1966   0.0    0.0      0.0
  MONTH TO DATE    0.0                       0.3   -0.3      0.8
  SINCE MAR 1     23.6                      20.4    3.2      8.0
  SINCE JUL 1     91.9                      86.0    5.9     67.0
  SNOW DEPTH       0

DEGREE DAYS
 HEATING
  YESTERDAY       22                        15      7       13
  MONTH TO DATE  140                       183    -43      180
  SINCE MAR 1   2295                      2155    140     2051
  SINCE JUL 1   9316                      9022    294     7741

 COOLING
  YESTERDAY        0                         0      0        0
  MONTH TO DATE    0                         0      0        0
  SINCE MAR 1      0                         0      0        0
  SINCE JAN 1      0                         0      0        0
..................................................................


WIND (MPH)
  HIGHEST WIND SPEED    16   HIGHEST WIND DIRECTION    SE (120)
  HIGHEST GUST SPEED    21   HIGHEST GUST DIRECTION    SE (130)
  AVERAGE WIND SPEED     7.9


SKY COVER
  AVERAGE SKY COVER 0.1


WEATHER CONDITIONS
 THE FOLLOWING WEATHER WAS RECORDED YESTERDAY.
  NO SIGNIFICANT WEATHER WAS OBSERVED.


RELATIVE HUMIDITY (PERCENT)
 HIGHEST    61           400 AM
 LOWEST     24          1100 AM
 AVERAGE    43

..........................................................


THE DULUTH MN CLIMATE NORMALS FOR TODAY
                         NORMAL    RECORD    YEAR
 MAXIMUM TEMPERATURE (F)   61        84      1940
 MINIMUM TEMPERATURE (F)   40        24      1946


SUNRISE AND SUNSET
MAY 12 2018...........SUNRISE   538 AM CDT   SUNSET   833 PM CDT
MAY 13 2018...........SUNRISE   536 AM CDT   SUNSET   835 PM CDT


-  INDICATES NEGATIVE NUMBERS.
R  INDICATES RECORD WAS SET OR TIED.
MM INDICATES DATA IS MISSING.
T  INDICATES TRACE AMOUNT.




$$
