000
CDUS43 KDLH 162302
CLIDLH


CLIMATE REPORT
NATIONAL WEATHER SERVICE DULUTH MN
559 PM CDT MON APR 16 2018


...................................

...THE DULUTH CLIMATE SUMMARY FOR APRIL 16 2018...
VALID TODAY AS OF 0500 PM LOCAL TIME.

CLIMATE NORMAL PERIOD 1981 TO 2010
CLIMATE RECORD PERIOD 1870 TO 2018


WEATHER ITEM   OBSERVED TIME   RECORD YEAR NORMAL DEPARTURE LAST
                VALUE   (LST)  VALUE       VALUE  FROM      YEAR
                                                  NORMAL
..................................................................
TEMPERATURE (F)
 TODAY
  MAXIMUM         31    359 PM  76    1958  50    -19       62
  MINIMUM         21    740 AM   4    1875  30     -9       33
  AVERAGE         26                        40    -14       48

PRECIPITATION (IN)
  TODAY            0.01          0.93 1945   0.09  -0.08     0.01
  MONTH TO DATE    1.03                      1.16  -0.13     0.45
  SINCE MAR 1      1.47                      2.65  -1.18     1.50
  SINCE JAN 1      3.83                      4.42  -0.59     4.46

SNOWFALL (IN)
  TODAY            0.7           6.4  2014   0.2    0.5      0.0
  MONTH TO DATE   18.3                       4.7   13.6      0.0
  SINCE JUL 1     91.7                      83.5    8.2     64.3
  SNOW DEPTH      14

DEGREE DAYS
 HEATING
  TODAY           39                        25     14       17
  MONTH TO DATE  647                       459    188      316
  SINCE MAR 1   1844                      1669    175     1509
  SINCE JUL 1   8865                      8536    329     7199

 COOLING
  TODAY            0                         0      0        0
  MONTH TO DATE    0                         0      0        0
  SINCE MAR 1      0                         0      0        0
  SINCE JAN 1      0                         0      0        0
..................................................................


WIND (MPH)
  HIGHEST WIND SPEED    20   HIGHEST WIND DIRECTION     N (350)
  HIGHEST GUST SPEED    26   HIGHEST GUST DIRECTION    NW (320)
  AVERAGE WIND SPEED    11.9


SKY COVER
  AVERAGE SKY COVER 1.0


WEATHER CONDITIONS
 THE FOLLOWING WEATHER WAS RECORDED TODAY.
  LIGHT SNOW
  FOG
  BLOWING SNOW


RELATIVE HUMIDITY (PERCENT)
 HIGHEST    84          1200 AM
 LOWEST     63           400 PM
 AVERAGE    74

..........................................................


THE DULUTH CLIMATE NORMALS FOR TOMORROW
                         NORMAL    RECORD    YEAR
 MAXIMUM TEMPERATURE (F)   50        82      1987
 MINIMUM TEMPERATURE (F)   31         8      1983


SUNRISE AND SUNSET
APRIL 16 2018.........SUNRISE   619 AM CDT   SUNSET   759 PM CDT
APRIL 17 2018.........SUNRISE   617 AM CDT   SUNSET   800 PM CDT


-  INDICATES NEGATIVE NUMBERS.
R  INDICATES RECORD WAS SET OR TIED.
MM INDICATES DATA IS MISSING.
T  INDICATES TRACE AMOUNT.




$$
