000
CDUS43 KDLH 042251
CLIDLH


CLIMATE REPORT
NATIONAL WEATHER SERVICE DULUTH MN
551 PM CDT WED APR 4 2018


...................................

...THE DULUTH CLIMATE SUMMARY FOR APRIL 4 2018...
VALID TODAY AS OF 0500 PM LOCAL TIME.

CLIMATE NORMAL PERIOD 1981 TO 2010
CLIMATE RECORD PERIOD 1870 TO 2018


WEATHER ITEM   OBSERVED TIME   RECORD YEAR NORMAL DEPARTURE LAST
                VALUE   (LST)  VALUE       VALUE  FROM      YEAR
                                                  NORMAL
..................................................................
TEMPERATURE (F)
 TODAY
  MAXIMUM         31    353 PM  69    1991  43    -12       56
  MINIMUM          9    631 AM  -5    1975  25    -16       36
  AVERAGE         20                        34    -14       46

PRECIPITATION (IN)
  TODAY            0.00          0.90 1927   0.07  -0.07     0.00
  MONTH TO DATE    0.09                      0.25  -0.16     0.11
  SINCE MAR 1      0.53                      1.74  -1.21     1.16
  SINCE JAN 1      2.89                      3.51  -0.62     4.12

SNOWFALL (IN)
  TODAY            0.0           8.5  2003   0.3   -0.3      0.0
  MONTH TO DATE    2.5                       1.3    1.2      0.0
  SINCE JUL 1     75.9                      80.1   -4.2     64.3
  SNOW DEPTH       8

DEGREE DAYS
 HEATING
  TODAY           45                        31     14       19
  MONTH TO DATE  178                       126     52       78
  SINCE MAR 1   1375                      1336     39     1271
  SINCE JUL 1   8396                      8203    193     6961

 COOLING
  TODAY            0                         0      0        0
  MONTH TO DATE    0                         0      0        0
  SINCE MAR 1      0                         0      0        0
  SINCE JAN 1      0                         0      0        0
..................................................................


WIND (MPH)
  HIGHEST WIND SPEED    23   HIGHEST WIND DIRECTION     W (280)
  HIGHEST GUST SPEED    29   HIGHEST GUST DIRECTION     W (280)
  AVERAGE WIND SPEED    11.5


SKY COVER
  AVERAGE SKY COVER 0.4


WEATHER CONDITIONS
 THE FOLLOWING WEATHER WAS RECORDED TODAY.
  NO SIGNIFICANT WEATHER WAS OBSERVED.


RELATIVE HUMIDITY (PERCENT)
 HIGHEST    57           600 AM
 LOWEST     39          1200 AM
 AVERAGE    48

..........................................................


THE DULUTH CLIMATE NORMALS FOR TOMORROW
                         NORMAL    RECORD    YEAR
 MAXIMUM TEMPERATURE (F)   44        79      1991
 MINIMUM TEMPERATURE (F)   26         2      1971


SUNRISE AND SUNSET
APRIL  4 2018.........SUNRISE   642 AM CDT   SUNSET   742 PM CDT
APRIL  5 2018.........SUNRISE   640 AM CDT   SUNSET   744 PM CDT


-  INDICATES NEGATIVE NUMBERS.
R  INDICATES RECORD WAS SET OR TIED.
MM INDICATES DATA IS MISSING.
T  INDICATES TRACE AMOUNT.




$$
