000
CDUS43 KDLH 062227
CLIDLH


CLIMATE REPORT
NATIONAL WEATHER SERVICE DULUTH MN
526 PM CDT FRI APR 6 2018


...................................

...THE DULUTH CLIMATE SUMMARY FOR APRIL 6 2018...
VALID TODAY AS OF 0500 PM LOCAL TIME.

CLIMATE NORMAL PERIOD 1981 TO 2010
CLIMATE RECORD PERIOD 1870 TO 2018


WEATHER ITEM   OBSERVED TIME   RECORD YEAR NORMAL DEPARTURE LAST
                VALUE   (LST)  VALUE       VALUE  FROM      YEAR
                                                  NORMAL
..................................................................
TEMPERATURE (F)
 TODAY
  MAXIMUM         21    359 PM  75    1900  44    -23       50
  MINIMUM         13    848 AM   2    1982  26    -13       28
                                      1979
  AVERAGE         17                        35    -18       39

PRECIPITATION (IN)
  TODAY            0.03          1.56 1882   0.07  -0.04     0.00
  MONTH TO DATE    0.14                      0.38  -0.24     0.11
  SINCE MAR 1      0.58                      1.87  -1.29     1.16
  SINCE JAN 1      2.94                      3.64  -0.70     4.12

SNOWFALL (IN)
  TODAY            0.9           5.5  1956   0.3    0.6      0.0
  MONTH TO DATE    3.5                       1.9    1.6      0.0
  SINCE JUL 1     76.9                      80.7   -3.8     64.3
  SNOW DEPTH       9

DEGREE DAYS
 HEATING
  TODAY           48                        30     18       26
  MONTH TO DATE  269                       186     83      127
  SINCE MAR 1   1466                      1396     70     1320
  SINCE JUL 1   8487                      8263    224     7010

 COOLING
  TODAY            0                         0      0        0
  MONTH TO DATE    0                         0      0        0
  SINCE MAR 1      0                         0      0        0
  SINCE JAN 1      0                         0      0        0
..................................................................


WIND (MPH)
  HIGHEST WIND SPEED    28   HIGHEST WIND DIRECTION    NW (330)
  HIGHEST GUST SPEED    38   HIGHEST GUST DIRECTION    NW (320)
  AVERAGE WIND SPEED    18.3


SKY COVER
  AVERAGE SKY COVER 0.5


WEATHER CONDITIONS
 THE FOLLOWING WEATHER WAS RECORDED TODAY.
  SNOW
  LIGHT SNOW
  FOG
  HAZE
  BLOWING SNOW


RELATIVE HUMIDITY (PERCENT)
 HIGHEST    80           300 AM
 LOWEST     41           400 PM
 AVERAGE    61

..........................................................


THE DULUTH CLIMATE NORMALS FOR TOMORROW
                         NORMAL    RECORD    YEAR
 MAXIMUM TEMPERATURE (F)   45        73      1931
 MINIMUM TEMPERATURE (F)   26         2      1936


SUNRISE AND SUNSET
APRIL  6 2018.........SUNRISE   638 AM CDT   SUNSET   745 PM CDT
APRIL  7 2018.........SUNRISE   636 AM CDT   SUNSET   746 PM CDT


-  INDICATES NEGATIVE NUMBERS.
R  INDICATES RECORD WAS SET OR TIED.
MM INDICATES DATA IS MISSING.
T  INDICATES TRACE AMOUNT.




$$
