225
CDUS43 KDLH 162227
CLIDLH


CLIMATE REPORT
NATIONAL WEATHER SERVICE DULUTH MN
526 PM CDT WED MAY 16 2018


...................................

...THE DULUTH CLIMATE SUMMARY FOR MAY 16 2018...
VALID TODAY AS OF 0500 PM LOCAL TIME.

CLIMATE NORMAL PERIOD 1981 TO 2010
CLIMATE RECORD PERIOD 1870 TO 2018


WEATHER ITEM   OBSERVED TIME   RECORD YEAR NORMAL DEPARTURE LAST
                VALUE   (LST)  VALUE       VALUE  FROM      YEAR
                                                  NORMAL
..................................................................
TEMPERATURE (F)
 TODAY
  MAXIMUM         88R   222 PM  84    1962  62     26       58
  MINIMUM         53   1253 AM  20    1929  41     12       45
  AVERAGE         71                        52     19       52

PRECIPITATION (IN)
  TODAY            T             1.40 2017   0.11  -0.11     1.40
  MONTH TO DATE    0.37                      1.62  -1.25     2.01
  SINCE MAR 1      2.20                      5.54  -3.34     6.08
  SINCE JAN 1      4.56                      7.31  -2.75     9.04

SNOWFALL (IN)
  TODAY            0.0           1.7  1950   0.0    0.0      0.0
  MONTH TO DATE    0.0                       0.4   -0.4      0.8
  SINCE JUL 1     91.9                      86.1    5.8     67.0
  SNOW DEPTH       0

DEGREE DAYS
 HEATING
  TODAY            0                        14    -14       13
  MONTH TO DATE  180                       254    -74      247
  SINCE MAR 1   2335                      2226    109     2118
  SINCE JUL 1   9356                      9093    263     7808

 COOLING
  TODAY            6                         0      6        0
  MONTH TO DATE    9                         0      9        0
  SINCE MAR 1      9                         0      9        0
  SINCE JAN 1      9                         0      9        0
..................................................................


WIND (MPH)
  HIGHEST WIND SPEED    28   HIGHEST WIND DIRECTION     W (270)
  HIGHEST GUST SPEED    33   HIGHEST GUST DIRECTION     W (270)
  AVERAGE WIND SPEED    16.5


SKY COVER
  AVERAGE SKY COVER 0.2


WEATHER CONDITIONS
 THE FOLLOWING WEATHER WAS RECORDED TODAY.
  LIGHT RAIN
  HAZE


RELATIVE HUMIDITY (PERCENT)
 HIGHEST    45           100 AM
 LOWEST     29           100 PM
 AVERAGE    37

..........................................................


THE DULUTH CLIMATE NORMALS FOR TOMORROW
                         NORMAL    RECORD    YEAR
 MAXIMUM TEMPERATURE (F)   63        87      1972
                                             1897
 MINIMUM TEMPERATURE (F)   41        26      1988


SUNRISE AND SUNSET
MAY 16 2018...........SUNRISE   533 AM CDT   SUNSET   838 PM CDT
MAY 17 2018...........SUNRISE   532 AM CDT   SUNSET   839 PM CDT


-  INDICATES NEGATIVE NUMBERS.
R  INDICATES RECORD WAS SET OR TIED.
MM INDICATES DATA IS MISSING.
T  INDICATES TRACE AMOUNT.




$$
