000
CDUS43 KDLH 292230
CLIDLH


CLIMATE REPORT
NATIONAL WEATHER SERVICE DULUTH MN
529 PM CDT SUN APR 29 2018


...................................

...THE DULUTH CLIMATE SUMMARY FOR APRIL 29 2018...
VALID TODAY AS OF 0500 PM LOCAL TIME.

CLIMATE NORMAL PERIOD 1981 TO 2010
CLIMATE RECORD PERIOD 1870 TO 2018


WEATHER ITEM   OBSERVED TIME   RECORD YEAR NORMAL DEPARTURE LAST
                VALUE   (LST)  VALUE       VALUE  FROM      YEAR
                                                  NORMAL
..................................................................
TEMPERATURE (F)
 TODAY
  MAXIMUM         63    301 PM  83    1965  56      7       48
  MINIMUM         28    433 AM  13    1958  36     -8       25
  AVERAGE         46                        46      0       37

PRECIPITATION (IN)
  TODAY            0.00          1.55 1991   0.10  -0.10     0.00
  MONTH TO DATE    1.15                      2.33  -1.18     3.02
  SINCE MAR 1      1.59                      3.82  -2.23     4.07
  SINCE JAN 1      3.95                      5.59  -1.64     7.03

SNOWFALL (IN)
  TODAY            0.0           8.5  1989   0.1   -0.1      0.0
  MONTH TO DATE   18.5                       6.8   11.7      1.9
  SINCE JUL 1     91.9                      85.6    6.3     66.2
  SNOW DEPTH       0

DEGREE DAYS
 HEATING
  TODAY           19                        19      0       28
  MONTH TO DATE  952                       743    209      655
  SINCE MAR 1   2149                      1953    196     1848
  SINCE JUL 1   9170                      8820    350     7538

 COOLING
  TODAY            0                         0      0        0
  MONTH TO DATE    0                         0      0        0
  SINCE MAR 1      0                         0      0        0
  SINCE JAN 1      0                         0      0        0
..................................................................


WIND (MPH)
  HIGHEST WIND SPEED    20   HIGHEST WIND DIRECTION     S (190)
  HIGHEST GUST SPEED    26   HIGHEST GUST DIRECTION     S (200)
  AVERAGE WIND SPEED    10.0


SKY COVER
  AVERAGE SKY COVER 0.0


WEATHER CONDITIONS
 THE FOLLOWING WEATHER WAS RECORDED TODAY.
  NO SIGNIFICANT WEATHER WAS OBSERVED.


RELATIVE HUMIDITY (PERCENT)
 HIGHEST    63           500 AM
 LOWEST     23           200 PM
 AVERAGE    43

..........................................................


THE DULUTH CLIMATE NORMALS FOR TOMORROW
                         NORMAL    RECORD    YEAR
 MAXIMUM TEMPERATURE (F)   57        85      1952
                                             1934
 MINIMUM TEMPERATURE (F)   36        22      1966


SUNRISE AND SUNSET
APRIL 29 2018.........SUNRISE   557 AM CDT   SUNSET   816 PM CDT
APRIL 30 2018.........SUNRISE   555 AM CDT   SUNSET   818 PM CDT


-  INDICATES NEGATIVE NUMBERS.
R  INDICATES RECORD WAS SET OR TIED.
MM INDICATES DATA IS MISSING.
T  INDICATES TRACE AMOUNT.




$$
