000
CDUS43 KDLH 232222
CLIDLH


CLIMATE REPORT
NATIONAL WEATHER SERVICE DULUTH MN
521 PM CDT MON APR 23 2018


...................................

...THE DULUTH CLIMATE SUMMARY FOR APRIL 23 2018...
VALID TODAY AS OF 0500 PM LOCAL TIME.

CLIMATE NORMAL PERIOD 1981 TO 2010
CLIMATE RECORD PERIOD 1870 TO 2018


WEATHER ITEM   OBSERVED TIME   RECORD YEAR NORMAL DEPARTURE LAST
                VALUE   (LST)  VALUE       VALUE  FROM      YEAR
                                                  NORMAL
..................................................................
TEMPERATURE (F)
 TODAY
  MAXIMUM         68    350 PM  80    1942  53     15       45
  MINIMUM         39    446 AM  12    1909  33      6       31
  AVERAGE         54                        43     11       38

PRECIPITATION (IN)
  TODAY            0.00          1.99 1968   0.09  -0.09     0.16
  MONTH TO DATE    1.03                      1.75  -0.72     2.18
  SINCE MAR 1      1.47                      3.24  -1.77     3.23
  SINCE JAN 1      3.83                      5.01  -1.18     6.19

SNOWFALL (IN)
  TODAY            0.0           4.2  1972   0.1   -0.1      0.6
  MONTH TO DATE   18.3                       6.0   12.3      1.2
  SINCE JUL 1     91.7                      84.8    6.9     65.5
  SNOW DEPTH       T

DEGREE DAYS
 HEATING
  TODAY           11                        22    -11       27
  MONTH TO DATE  812                       622    190      483
  SINCE MAR 1   2009                      1832    177     1676
  SINCE JUL 1   9030                      8699    331     7366

 COOLING
  TODAY            0                         0      0        0
  MONTH TO DATE    0                         0      0        0
  SINCE MAR 1      0                         0      0        0
  SINCE JAN 1      0                         0      0        0
..................................................................


WIND (MPH)
  HIGHEST WIND SPEED    17   HIGHEST WIND DIRECTION     W (270)
  HIGHEST GUST SPEED    22   HIGHEST GUST DIRECTION     W (280)
  AVERAGE WIND SPEED     7.4


SKY COVER
  AVERAGE SKY COVER 0.0


WEATHER CONDITIONS
 THE FOLLOWING WEATHER WAS RECORDED TODAY.
  NO SIGNIFICANT WEATHER WAS OBSERVED.


RELATIVE HUMIDITY (PERCENT)
 HIGHEST    70           600 AM
 LOWEST     34           100 PM
 AVERAGE    52

..........................................................


THE DULUTH CLIMATE NORMALS FOR TOMORROW
                         NORMAL    RECORD    YEAR
 MAXIMUM TEMPERATURE (F)   54        82      1990
 MINIMUM TEMPERATURE (F)   34        19      1956


SUNRISE AND SUNSET
APRIL 23 2018.........SUNRISE   607 AM CDT   SUNSET   808 PM CDT
APRIL 24 2018.........SUNRISE   605 AM CDT   SUNSET   809 PM CDT


-  INDICATES NEGATIVE NUMBERS.
R  INDICATES RECORD WAS SET OR TIED.
MM INDICATES DATA IS MISSING.
T  INDICATES TRACE AMOUNT.




$$
