000
CDUS43 KDLH 212223
CLIDLH


CLIMATE REPORT
NATIONAL WEATHER SERVICE DULUTH MN
521 PM CDT SAT APR 21 2018


...................................

...THE DULUTH CLIMATE SUMMARY FOR APRIL 21 2018...
VALID TODAY AS OF 0500 PM LOCAL TIME.

CLIMATE NORMAL PERIOD 1981 TO 2010
CLIMATE RECORD PERIOD 1870 TO 2018


WEATHER ITEM   OBSERVED TIME   RECORD YEAR NORMAL DEPARTURE LAST
                VALUE   (LST)  VALUE       VALUE  FROM      YEAR
                                                  NORMAL
..................................................................
TEMPERATURE (F)
 TODAY
  MAXIMUM         57    357 PM  76    1990  52      5       60
  MINIMUM         28    522 AM  18    1991  32     -4       34
  AVERAGE         43                        42      1       47

PRECIPITATION (IN)
  TODAY            0.00          1.54 1964   0.09  -0.09     0.00
  MONTH TO DATE    1.03                      1.58  -0.55     2.02
  SINCE MAR 1      1.47                      3.07  -1.60     3.07
  SINCE JAN 1      3.83                      4.84  -1.01     6.03

SNOWFALL (IN)
  TODAY            0.0           6.4  1912   0.2   -0.2      0.0
  MONTH TO DATE   18.3                       5.7   12.6      0.6
  SINCE JUL 1     91.7                      84.5    7.2     64.9
  SNOW DEPTH       1

DEGREE DAYS
 HEATING
  TODAY           22                        23     -1       18
  MONTH TO DATE  782                       578    204      443
  SINCE MAR 1   1979                      1788    191     1636
  SINCE JUL 1   9000                      8655    345     7326

 COOLING
  TODAY            0                         0      0        0
  MONTH TO DATE    0                         0      0        0
  SINCE MAR 1      0                         0      0        0
  SINCE JAN 1      0                         0      0        0
..................................................................


WIND (MPH)
  HIGHEST WIND SPEED    12   HIGHEST WIND DIRECTION    SW (230)
  HIGHEST GUST SPEED    14   HIGHEST GUST DIRECTION    SE (130)
  AVERAGE WIND SPEED     4.6


SKY COVER
  AVERAGE SKY COVER 0.0


WEATHER CONDITIONS
 THE FOLLOWING WEATHER WAS RECORDED TODAY.
  NO SIGNIFICANT WEATHER WAS OBSERVED.


RELATIVE HUMIDITY (PERCENT)
 HIGHEST    69           600 AM
 LOWEST     22           200 PM
 AVERAGE    46

..........................................................


THE DULUTH CLIMATE NORMALS FOR TOMORROW
                         NORMAL    RECORD    YEAR
 MAXIMUM TEMPERATURE (F)   53        80      1990
                                             1980
 MINIMUM TEMPERATURE (F)   33        17      1909


SUNRISE AND SUNSET
APRIL 21 2018.........SUNRISE   610 AM CDT   SUNSET   805 PM CDT
APRIL 22 2018.........SUNRISE   609 AM CDT   SUNSET   807 PM CDT


-  INDICATES NEGATIVE NUMBERS.
R  INDICATES RECORD WAS SET OR TIED.
MM INDICATES DATA IS MISSING.
T  INDICATES TRACE AMOUNT.




$$
