000
CDUS43 KDLH 120636
CLIDLH


CLIMATE REPORT
NATIONAL WEATHER SERVICE DULUTH MN
135 AM CDT THU APR 12 2018


...................................

...THE DULUTH MN CLIMATE SUMMARY FOR APRIL 11 2018...

CLIMATE NORMAL PERIOD 1981 TO 2010
CLIMATE RECORD PERIOD 1870 TO 2018


WEATHER ITEM   OBSERVED TIME   RECORD YEAR NORMAL DEPARTURE LAST
                VALUE   (LST)  VALUE       VALUE  FROM      YEAR
                                                  NORMAL
..................................................................
TEMPERATURE (F)
 YESTERDAY
  MAXIMUM         47    412 PM  78    1968  47      0       48
  MINIMUM         25    624 AM   6    1940  28     -3       28
  AVERAGE         36                        38     -2       38

PRECIPITATION (IN)
  YESTERDAY        0.03          0.94 2001   0.07  -0.04     0.00
  MONTH TO DATE    0.18                      0.74  -0.56     0.43
  SINCE MAR 1      0.62                      2.23  -1.61     1.48
  SINCE JAN 1      2.98                      4.00  -1.02     4.44

SNOWFALL (IN)
  YESTERDAY        0.2           7.0  2013   0.3   -0.1      0.0
  MONTH TO DATE    3.7                       3.4    0.3      0.0
  SINCE MAR 1      8.8                      16.6   -7.8      5.3
  SINCE JUL 1     77.1                      82.2   -5.1     64.3
  SNOW DEPTH       6

DEGREE DAYS
 HEATING
  YESTERDAY       29                        28      1       27
  MONTH TO DATE  467                       328    139      236
  SINCE MAR 1   1664                      1538    126     1429
  SINCE JUL 1   8685                      8405    280     7119

 COOLING
  YESTERDAY        0                         0      0        0
  MONTH TO DATE    0                         0      0        0
  SINCE MAR 1      0                         0      0        0
  SINCE JAN 1      0                         0      0        0
..................................................................


WIND (MPH)
  HIGHEST WIND SPEED    14   HIGHEST WIND DIRECTION    SW (230)
  HIGHEST GUST SPEED    23   HIGHEST GUST DIRECTION    SW (220)
  AVERAGE WIND SPEED     6.3


SKY COVER
  AVERAGE SKY COVER 0.5


WEATHER CONDITIONS
 THE FOLLOWING WEATHER WAS RECORDED YESTERDAY.
  RAIN
  LIGHT SNOW
  FOG


RELATIVE HUMIDITY (PERCENT)
 HIGHEST    81           600 AM
 LOWEST     33           200 PM
 AVERAGE    57

..........................................................


THE DULUTH MN CLIMATE NORMALS FOR TODAY
                         NORMAL    RECORD    YEAR
 MAXIMUM TEMPERATURE (F)   47        76      2015
 MINIMUM TEMPERATURE (F)   29         6      1950


SUNRISE AND SUNSET
APRIL 12 2018.........SUNRISE   627 AM CDT   SUNSET   753 PM CDT
APRIL 13 2018.........SUNRISE   625 AM CDT   SUNSET   754 PM CDT


-  INDICATES NEGATIVE NUMBERS.
R  INDICATES RECORD WAS SET OR TIED.
MM INDICATES DATA IS MISSING.
T  INDICATES TRACE AMOUNT.




$$
