000
CDUS43 KDLH 182257
CLIDLH


CLIMATE REPORT
NATIONAL WEATHER SERVICE DULUTH MN
556 PM CDT WED APR 18 2018


...................................

...THE DULUTH CLIMATE SUMMARY FOR APRIL 18 2018...
VALID TODAY AS OF 0500 PM LOCAL TIME.

CLIMATE NORMAL PERIOD 1981 TO 2010
CLIMATE RECORD PERIOD 1870 TO 2018


WEATHER ITEM   OBSERVED TIME   RECORD YEAR NORMAL DEPARTURE LAST
                VALUE   (LST)  VALUE       VALUE  FROM      YEAR
                                                  NORMAL
..................................................................
TEMPERATURE (F)
 TODAY
  MAXIMUM         40    351 PM  81    1915  51    -11       43
  MINIMUM         26   1242 AM  12    1983  31     -5       30
  AVERAGE         33                        41     -8       37

PRECIPITATION (IN)
  TODAY            0.00          0.96 2013   0.09  -0.09     0.83
  MONTH TO DATE    1.03                      1.33  -0.30     1.28
  SINCE MAR 1      1.47                      2.82  -1.35     2.33
  SINCE JAN 1      3.83                      4.59  -0.76     5.29

SNOWFALL (IN)
  TODAY            0.0          11.2  2013   0.2   -0.2      0.0
  MONTH TO DATE   18.3                       5.2   13.1       T
  SINCE JUL 1     91.7                      84.0    7.7     64.3
  SNOW DEPTH       6

DEGREE DAYS
 HEATING
  TODAY           32                        24      8       28
  MONTH TO DATE  711                       508    203      373
  SINCE MAR 1   1908                      1718    190     1566
  SINCE JUL 1   8929                      8585    344     7256

 COOLING
  TODAY            0                         0      0        0
  MONTH TO DATE    0                         0      0        0
  SINCE MAR 1      0                         0      0        0
  SINCE JAN 1      0                         0      0        0
..................................................................


WIND (MPH)
  HIGHEST WIND SPEED    23   HIGHEST WIND DIRECTION    NE (60)
  HIGHEST GUST SPEED    28   HIGHEST GUST DIRECTION    NE (60)
  AVERAGE WIND SPEED    13.4


SKY COVER
  AVERAGE SKY COVER 0.4


WEATHER CONDITIONS
 THE FOLLOWING WEATHER WAS RECORDED TODAY.
  NO SIGNIFICANT WEATHER WAS OBSERVED.


RELATIVE HUMIDITY (PERCENT)
 HIGHEST    81           100 AM
 LOWEST     37           400 PM
 AVERAGE    59

..........................................................


THE DULUTH CLIMATE NORMALS FOR TOMORROW
                         NORMAL    RECORD    YEAR
 MAXIMUM TEMPERATURE (F)   51        79      1923
 MINIMUM TEMPERATURE (F)   32        14      1897


SUNRISE AND SUNSET
APRIL 18 2018.........SUNRISE   616 AM CDT   SUNSET   801 PM CDT
APRIL 19 2018.........SUNRISE   614 AM CDT   SUNSET   803 PM CDT


-  INDICATES NEGATIVE NUMBERS.
R  INDICATES RECORD WAS SET OR TIED.
MM INDICATES DATA IS MISSING.
T  INDICATES TRACE AMOUNT.




$$
