000
CDUS43 KDLH 102228
CLIDLH


CLIMATE REPORT
NATIONAL WEATHER SERVICE DULUTH MN
527 PM CDT TUE APR 10 2018


...................................

...THE DULUTH CLIMATE SUMMARY FOR APRIL 10 2018...
VALID TODAY AS OF 0500 PM LOCAL TIME.

CLIMATE NORMAL PERIOD 1981 TO 2010
CLIMATE RECORD PERIOD 1870 TO 2018


WEATHER ITEM   OBSERVED TIME   RECORD YEAR NORMAL DEPARTURE LAST
                VALUE   (LST)  VALUE       VALUE  FROM      YEAR
                                                  NORMAL
..................................................................
TEMPERATURE (F)
 TODAY
  MAXIMUM         33    359 PM  84    1977  46    -13       46
  MINIMUM         17    528 AM  10    1962  28    -11       31
  AVERAGE         25                        37    -12       39

PRECIPITATION (IN)
  TODAY            0.01          1.32 2002   0.08  -0.07     0.01
  MONTH TO DATE    0.15                      0.67  -0.52     0.43
  SINCE MAR 1      0.59                      2.16  -1.57     1.48
  SINCE JAN 1      2.95                      3.93  -0.98     4.44

SNOWFALL (IN)
  TODAY            T             4.0  1957   0.3   -0.3      0.0
  MONTH TO DATE    3.5                       3.1    0.4      0.0
  SINCE JUL 1     76.9                      81.9   -5.0     64.3
  SNOW DEPTH       7

DEGREE DAYS
 HEATING
  TODAY           40                        28     12       26
  MONTH TO DATE  439                       300    139      209
  SINCE MAR 1   1636                      1510    126     1402
  SINCE JUL 1   8657                      8377    280     7092

 COOLING
  TODAY            0                         0      0        0
  MONTH TO DATE    0                         0      0        0
  SINCE MAR 1      0                         0      0        0
  SINCE JAN 1      0                         0      0        0
..................................................................


WIND (MPH)
  HIGHEST WIND SPEED    17   HIGHEST WIND DIRECTION    SW (240)
  HIGHEST GUST SPEED    21   HIGHEST GUST DIRECTION    SW (240)
  AVERAGE WIND SPEED     9.1


SKY COVER
  AVERAGE SKY COVER 0.6


WEATHER CONDITIONS
 THE FOLLOWING WEATHER WAS RECORDED TODAY.
  LIGHT SNOW
  HAZE


RELATIVE HUMIDITY (PERCENT)
 HIGHEST    72           200 PM
 LOWEST     46          1200 AM
 AVERAGE    59

..........................................................


THE DULUTH CLIMATE NORMALS FOR TOMORROW
                         NORMAL    RECORD    YEAR
 MAXIMUM TEMPERATURE (F)   47        78      1968
 MINIMUM TEMPERATURE (F)   28         6      1940


SUNRISE AND SUNSET
APRIL 10 2018.........SUNRISE   630 AM CDT   SUNSET   750 PM CDT
APRIL 11 2018.........SUNRISE   629 AM CDT   SUNSET   752 PM CDT


-  INDICATES NEGATIVE NUMBERS.
R  INDICATES RECORD WAS SET OR TIED.
MM INDICATES DATA IS MISSING.
T  INDICATES TRACE AMOUNT.




$$
