327
CDUS43 KDLH 110627
CLIDLH


CLIMATE REPORT
NATIONAL WEATHER SERVICE DULUTH MN
126 AM CDT WED APR 11 2018


...................................

...THE DULUTH MN CLIMATE SUMMARY FOR APRIL 10 2018...

CLIMATE NORMAL PERIOD 1981 TO 2010
CLIMATE RECORD PERIOD 1870 TO 2018


WEATHER ITEM   OBSERVED TIME   RECORD YEAR NORMAL DEPARTURE LAST
                VALUE   (LST)  VALUE       VALUE  FROM      YEAR
                                                  NORMAL
..................................................................
TEMPERATURE (F)
 YESTERDAY
  MAXIMUM         34   1009 PM  84    1977  46    -12       46
  MINIMUM         17    528 AM  10    1962  28    -11       31
  AVERAGE         26                        37    -11       39

PRECIPITATION (IN)
  YESTERDAY        0.01          1.32 2002   0.08  -0.07     0.01
  MONTH TO DATE    0.15                      0.67  -0.52     0.43
  SINCE MAR 1      0.59                      2.16  -1.57     1.48
  SINCE JAN 1      2.95                      3.93  -0.98     4.44

SNOWFALL (IN)
  YESTERDAY        T             4.0  1957   0.3   -0.3      0.0
  MONTH TO DATE    3.5                       3.1    0.4      0.0
  SINCE MAR 1      8.6                      16.3   -7.7      5.3
  SINCE JUL 1     76.9                      81.9   -5.0     64.3
  SNOW DEPTH       7

DEGREE DAYS
 HEATING
  YESTERDAY       39                        28     11       26
  MONTH TO DATE  438                       300    138      209
  SINCE MAR 1   1635                      1510    125     1402
  SINCE JUL 1   8656                      8377    279     7092

 COOLING
  YESTERDAY        0                         0      0        0
  MONTH TO DATE    0                         0      0        0
  SINCE MAR 1      0                         0      0        0
  SINCE JAN 1      0                         0      0        0
..................................................................


WIND (MPH)
  HIGHEST WIND SPEED    17   HIGHEST WIND DIRECTION    SW (240)
  HIGHEST GUST SPEED    21   HIGHEST GUST DIRECTION    SW (240)
  AVERAGE WIND SPEED     9.1


SKY COVER
  AVERAGE SKY COVER 0.7


WEATHER CONDITIONS
 THE FOLLOWING WEATHER WAS RECORDED YESTERDAY.
  LIGHT SNOW
  HAZE


RELATIVE HUMIDITY (PERCENT)
 HIGHEST    75           500 PM
 LOWEST     46          1200 AM
 AVERAGE    61

..........................................................


THE DULUTH MN CLIMATE NORMALS FOR TODAY
                         NORMAL    RECORD    YEAR
 MAXIMUM TEMPERATURE (F)   47        78      1968
 MINIMUM TEMPERATURE (F)   28         6      1940


SUNRISE AND SUNSET
APRIL 11 2018.........SUNRISE   629 AM CDT   SUNSET   752 PM CDT
APRIL 12 2018.........SUNRISE   627 AM CDT   SUNSET   753 PM CDT


-  INDICATES NEGATIVE NUMBERS.
R  INDICATES RECORD WAS SET OR TIED.
MM INDICATES DATA IS MISSING.
T  INDICATES TRACE AMOUNT.




$$
