000
CDUS43 KDLH 060629
CLIDLH


CLIMATE REPORT
NATIONAL WEATHER SERVICE DULUTH MN
123 AM CDT FRI APR 6 2018


...................................

...THE DULUTH MN CLIMATE SUMMARY FOR APRIL 5 2018...

CLIMATE NORMAL PERIOD 1981 TO 2010
CLIMATE RECORD PERIOD 1870 TO 2018


WEATHER ITEM   OBSERVED TIME   RECORD YEAR NORMAL DEPARTURE LAST
                VALUE   (LST)  VALUE       VALUE  FROM      YEAR
                                                  NORMAL
..................................................................
TEMPERATURE (F)
 YESTERDAY
  MAXIMUM         30   1050 AM  79    1991  44    -14       51
  MINIMUM         13    627 AM   2    1971  26    -13       33
  AVERAGE         22                        35    -13       42

PRECIPITATION (IN)
  YESTERDAY        0.02          1.02 1947   0.06  -0.04     0.00
  MONTH TO DATE    0.11                      0.31  -0.20     0.11
  SINCE MAR 1      0.55                      1.80  -1.25     1.16
  SINCE JAN 1      2.91                      3.57  -0.66     4.12

SNOWFALL (IN)
  YESTERDAY        0.1           7.3  1933   0.3   -0.2      0.0
  MONTH TO DATE    2.6                       1.6    0.0      0.0
  SINCE MAR 1      7.7                      14.8   -7.1      5.3
  SINCE JUL 1     76.0                      80.4   -4.4     64.3
  SNOW DEPTH       8

DEGREE DAYS
 HEATING
  YESTERDAY       43                        30     13       23
  MONTH TO DATE  221                       156     65      101
  SINCE MAR 1   1418                      1366     52     1294
  SINCE JUL 1   8439                      8233    206     6984

 COOLING
  YESTERDAY        0                         0      0        0
  MONTH TO DATE    0                         0      0        0
  SINCE MAR 1      0                         0      0        0
  SINCE JAN 1      0                         0      0        0
..................................................................


WIND (MPH)
  HIGHEST WIND SPEED    20   HIGHEST WIND DIRECTION     W (270)
  HIGHEST GUST SPEED    24   HIGHEST GUST DIRECTION     W (280)
  AVERAGE WIND SPEED    11.2


SKY COVER
  AVERAGE SKY COVER 0.5


WEATHER CONDITIONS
 THE FOLLOWING WEATHER WAS RECORDED YESTERDAY.
  LIGHT SNOW
  HAZE


RELATIVE HUMIDITY (PERCENT)
 HIGHEST    81           100 PM
 LOWEST     53          1100 AM
 AVERAGE    67

..........................................................


THE DULUTH MN CLIMATE NORMALS FOR TODAY
                         NORMAL    RECORD    YEAR
 MAXIMUM TEMPERATURE (F)   44        75      1900
 MINIMUM TEMPERATURE (F)   26         2      1982
                                             1979


SUNRISE AND SUNSET
APRIL  6 2018.........SUNRISE   638 AM CDT   SUNSET   745 PM CDT
APRIL  7 2018.........SUNRISE   636 AM CDT   SUNSET   746 PM CDT


-  INDICATES NEGATIVE NUMBERS.
R  INDICATES RECORD WAS SET OR TIED.
MM INDICATES DATA IS MISSING.
T  INDICATES TRACE AMOUNT.




$$
