000
CDUS43 KDLH 022259
CLIDLH


CLIMATE REPORT
NATIONAL WEATHER SERVICE DULUTH MN
558 PM CDT MON APR 2 2018


...................................

...THE DULUTH CLIMATE SUMMARY FOR APRIL 2 2018...
VALID TODAY AS OF 0500 PM LOCAL TIME.

CLIMATE NORMAL PERIOD 1981 TO 2010
CLIMATE RECORD PERIOD 1870 TO 2018


WEATHER ITEM   OBSERVED TIME   RECORD YEAR NORMAL DEPARTURE LAST
                VALUE   (LST)  VALUE       VALUE  FROM      YEAR
                                                  NORMAL
..................................................................
TEMPERATURE (F)
 TODAY
  MAXIMUM         31    326 PM  65    1925  42    -11       57
  MINIMUM         13    510 AM  -4    1975  24    -11       33
  AVERAGE         22                        33    -11       45

PRECIPITATION (IN)
  TODAY            T             0.81 1963   0.06  -0.06     0.11
  MONTH TO DATE    T                         0.12  -0.12     0.11
  SINCE MAR 1      0.44                      1.61  -1.17     1.16
  SINCE JAN 1      2.80                      3.38  -0.58     4.12

SNOWFALL (IN)
  TODAY            T             6.2  1950   0.4   -0.4      0.0
  MONTH TO DATE    T                         0.7   -0.7      0.0
  SINCE JUL 1     73.4                      79.5   -6.1     64.3
  SNOW DEPTH       7

DEGREE DAYS
 HEATING
  TODAY           43                        32     11       20
  MONTH TO DATE   91                        64     27       40
  SINCE MAR 1   1288                      1274     14     1233
  SINCE JUL 1   8309                      8141    168     6923

 COOLING
  TODAY            0                         0      0        0
  MONTH TO DATE    0                         0      0        0
  SINCE MAR 1      0                         0      0        0
  SINCE JAN 1      0                         0      0        0
..................................................................


WIND (MPH)
  HIGHEST WIND SPEED    15   HIGHEST WIND DIRECTION     W (270)
  HIGHEST GUST SPEED    19   HIGHEST GUST DIRECTION     W (270)
  AVERAGE WIND SPEED     7.3


SKY COVER
  AVERAGE SKY COVER 0.6


WEATHER CONDITIONS
 THE FOLLOWING WEATHER WAS RECORDED TODAY.
  LIGHT SNOW


RELATIVE HUMIDITY (PERCENT)
 HIGHEST    67           500 AM
 LOWEST     46           100 PM
 AVERAGE    57

..........................................................


THE DULUTH CLIMATE NORMALS FOR TOMORROW
                         NORMAL    RECORD    YEAR
 MAXIMUM TEMPERATURE (F)   43        74      1929
 MINIMUM TEMPERATURE (F)   25        -5      1954


SUNRISE AND SUNSET
APRIL  2 2018.........SUNRISE   646 AM CDT   SUNSET   739 PM CDT
APRIL  3 2018.........SUNRISE   644 AM CDT   SUNSET   741 PM CDT


-  INDICATES NEGATIVE NUMBERS.
R  INDICATES RECORD WAS SET OR TIED.
MM INDICATES DATA IS MISSING.
T  INDICATES TRACE AMOUNT.




$$
