317
CDUS43 KDLH 222232
CLIDLH


CLIMATE REPORT
NATIONAL WEATHER SERVICE DULUTH MN
529 PM CDT SUN APR 22 2018


...................................

...THE DULUTH CLIMATE SUMMARY FOR APRIL 22 2018...
VALID TODAY AS OF 0500 PM LOCAL TIME.

CLIMATE NORMAL PERIOD 1981 TO 2010
CLIMATE RECORD PERIOD 1870 TO 2018


WEATHER ITEM   OBSERVED TIME   RECORD YEAR NORMAL DEPARTURE LAST
                VALUE   (LST)  VALUE       VALUE  FROM      YEAR
                                                  NORMAL
..................................................................
TEMPERATURE (F)
 TODAY
  MAXIMUM         61    359 PM  80    1990  53      8       68
                                      1980
  MINIMUM         30    546 AM  17    1909  33     -3       36
  AVERAGE         46                        43      3       52

PRECIPITATION (IN)
  TODAY            0.00          1.77 2001   0.08  -0.08      T
  MONTH TO DATE    1.03                      1.66  -0.63     2.02
  SINCE MAR 1      1.47                      3.15  -1.68     3.07
  SINCE JAN 1      3.83                      4.92  -1.09     6.03

SNOWFALL (IN)
  TODAY            0.0           8.2  2013   0.2   -0.2      0.0
  MONTH TO DATE   18.3                       5.9   12.4      0.6
  SINCE JUL 1     91.7                      84.7    7.0     64.9
  SNOW DEPTH       T

DEGREE DAYS
 HEATING
  TODAY           19                        22     -3       13
  MONTH TO DATE  801                       600    201      456
  SINCE MAR 1   1998                      1810    188     1649
  SINCE JUL 1   9019                      8677    342     7339

 COOLING
  TODAY            0                         0      0        0
  MONTH TO DATE    0                         0      0        0
  SINCE MAR 1      0                         0      0        0
  SINCE JAN 1      0                         0      0        0
..................................................................


WIND (MPH)
  HIGHEST WIND SPEED    15   HIGHEST WIND DIRECTION    SW (220)
  HIGHEST GUST SPEED    20   HIGHEST GUST DIRECTION     W (250)
  AVERAGE WIND SPEED     5.1


SKY COVER
  AVERAGE SKY COVER 0.0


WEATHER CONDITIONS
 THE FOLLOWING WEATHER WAS RECORDED TODAY.
  NO SIGNIFICANT WEATHER WAS OBSERVED.


RELATIVE HUMIDITY (PERCENT)
 HIGHEST    63           500 AM
 LOWEST     29           200 PM
 AVERAGE    46

..........................................................


THE DULUTH CLIMATE NORMALS FOR TOMORROW
                         NORMAL    RECORD    YEAR
 MAXIMUM TEMPERATURE (F)   53        80      1942
 MINIMUM TEMPERATURE (F)   33        12      1909


SUNRISE AND SUNSET
APRIL 22 2018.........SUNRISE   609 AM CDT   SUNSET   807 PM CDT
APRIL 23 2018.........SUNRISE   607 AM CDT   SUNSET   808 PM CDT


-  INDICATES NEGATIVE NUMBERS.
R  INDICATES RECORD WAS SET OR TIED.
MM INDICATES DATA IS MISSING.
T  INDICATES TRACE AMOUNT.




$$
