000
CDUS43 KDLH 012254
CLIDLH


CLIMATE REPORT
NATIONAL WEATHER SERVICE DULUTH MN
553 PM CDT SUN APR 1 2018


...................................

...THE DULUTH CLIMATE SUMMARY FOR APRIL 1 2018...
VALID TODAY AS OF 0500 PM LOCAL TIME.

CLIMATE NORMAL PERIOD 1981 TO 2010
CLIMATE RECORD PERIOD 1870 TO 2018


WEATHER ITEM   OBSERVED TIME   RECORD YEAR NORMAL DEPARTURE LAST
                VALUE   (LST)  VALUE       VALUE  FROM      YEAR
                                                  NORMAL
..................................................................
TEMPERATURE (F)
 TODAY
  MAXIMUM         29    359 PM  62    2010  41    -12       58
                                      1955
  MINIMUM          4    606 AM   1    1975  24    -20       32
  AVERAGE         17                        33    -16       45

PRECIPITATION (IN)
  TODAY            0.00          1.00 1892   0.06  -0.06      T
  MONTH TO DATE    0.00                      0.06  -0.06      T
  SINCE MAR 1      0.44                      1.55  -1.11     1.05
  SINCE JAN 1      2.80                      3.32  -0.52     4.01

SNOWFALL (IN)
  TODAY            0.0           6.5  1896   0.3   -0.3      0.0
  MONTH TO DATE    0.0                       0.3   -0.3      0.0
  SINCE JUL 1     73.4                      79.1   -5.7     64.3
  SNOW DEPTH       7

DEGREE DAYS
 HEATING
  TODAY           48                        32     16       20
  MONTH TO DATE   48                        32     16       20
  SINCE MAR 1   1245                      1242      3     1213
  SINCE JUL 1   8266                      8109    157     6903

 COOLING
  TODAY            0                         0      0        0
  MONTH TO DATE    0                         0      0        0
  SINCE MAR 1      0                         0      0        0
  SINCE JAN 1      0                         0      0        0
..................................................................


WIND (MPH)
  HIGHEST WIND SPEED    29   HIGHEST WIND DIRECTION     W (270)
  HIGHEST GUST SPEED    35   HIGHEST GUST DIRECTION     W (280)
  AVERAGE WIND SPEED    16.9


SKY COVER
  AVERAGE SKY COVER 0.2


WEATHER CONDITIONS
 THE FOLLOWING WEATHER WAS RECORDED TODAY.
  NO SIGNIFICANT WEATHER WAS OBSERVED.


RELATIVE HUMIDITY (PERCENT)
 HIGHEST    86           600 AM
 LOWEST     39           300 PM
 AVERAGE    63

..........................................................


THE DULUTH CLIMATE NORMALS FOR TOMORROW
                         NORMAL    RECORD    YEAR
 MAXIMUM TEMPERATURE (F)   42        65      1925
 MINIMUM TEMPERATURE (F)   24        -4      1975


SUNRISE AND SUNSET
APRIL  1 2018.........SUNRISE   648 AM CDT   SUNSET   738 PM CDT
APRIL  2 2018.........SUNRISE   646 AM CDT   SUNSET   739 PM CDT


-  INDICATES NEGATIVE NUMBERS.
R  INDICATES RECORD WAS SET OR TIED.
MM INDICATES DATA IS MISSING.
T  INDICATES TRACE AMOUNT.




$$
