104
CDUS43 KDLH 160633
CLIDLH


CLIMATE REPORT
NATIONAL WEATHER SERVICE DULUTH MN
132 AM CDT WED MAY 16 2018


...................................

...THE DULUTH MN CLIMATE SUMMARY FOR MAY 15 2018...

CLIMATE NORMAL PERIOD 1981 TO 2010
CLIMATE RECORD PERIOD 1870 TO 2018


WEATHER ITEM   OBSERVED TIME   RECORD YEAR NORMAL DEPARTURE LAST
                VALUE   (LST)  VALUE       VALUE  FROM      YEAR
                                                  NORMAL
..................................................................
TEMPERATURE (F)
 YESTERDAY
  MAXIMUM         60    436 PM  88    1931  62     -2       60
  MINIMUM         42    947 PM  26    2004  40      2       42
  AVERAGE         51                        51      0       51

PRECIPITATION (IN)
  YESTERDAY        0.00          1.28 1915   0.10  -0.10     0.08
  MONTH TO DATE    0.37                      1.51  -1.14     0.61
  SINCE MAR 1      2.20                      5.43  -3.23     4.68
  SINCE JAN 1      4.56                      7.20  -2.64     7.64

SNOWFALL (IN)
  YESTERDAY        0.0           2.0  1907   0.0    0.0      0.0
  MONTH TO DATE    0.0                       0.4   -0.4      0.8
  SINCE MAR 1     23.6                      20.5    3.1      8.0
  SINCE JUL 1     91.9                      86.1    5.8     67.0
  SNOW DEPTH       0

DEGREE DAYS
 HEATING
  YESTERDAY       14                        14      0       14
  MONTH TO DATE  180                       240    -60      234
  SINCE MAR 1   2335                      2212    123     2105
  SINCE JUL 1   9356                      9079    277     7795

 COOLING
  YESTERDAY        0                         0      0        0
  MONTH TO DATE    3                         0      3        0
  SINCE MAR 1      3                         0      3        0
  SINCE JAN 1      3                         0      3        0
..................................................................


WIND (MPH)
  HIGHEST WIND SPEED    20   HIGHEST WIND DIRECTION     E (90)
  HIGHEST GUST SPEED    26   HIGHEST GUST DIRECTION     E (100)
  AVERAGE WIND SPEED     8.7


SKY COVER
  AVERAGE SKY COVER 0.0


WEATHER CONDITIONS
 THE FOLLOWING WEATHER WAS RECORDED YESTERDAY.
  NO SIGNIFICANT WEATHER WAS OBSERVED.


RELATIVE HUMIDITY (PERCENT)
 HIGHEST    58          1100 PM
 LOWEST     30           500 PM
 AVERAGE    44

..........................................................


THE DULUTH MN CLIMATE NORMALS FOR TODAY
                         NORMAL    RECORD    YEAR
 MAXIMUM TEMPERATURE (F)   62        84      1962
 MINIMUM TEMPERATURE (F)   41        20      1929


SUNRISE AND SUNSET
MAY 16 2018...........SUNRISE   533 AM CDT   SUNSET   838 PM CDT
MAY 17 2018...........SUNRISE   532 AM CDT   SUNSET   839 PM CDT


-  INDICATES NEGATIVE NUMBERS.
R  INDICATES RECORD WAS SET OR TIED.
MM INDICATES DATA IS MISSING.
T  INDICATES TRACE AMOUNT.




$$
