000
CDUS43 KDLH 292241
CLIDLH


CLIMATE REPORT
NATIONAL WEATHER SERVICE DULUTH MN
541 PM CDT THU MAR 29 2018


...................................

...THE DULUTH CLIMATE SUMMARY FOR MARCH 29 2018...
VALID TODAY AS OF 0500 PM LOCAL TIME.

CLIMATE NORMAL PERIOD 1981 TO 2010
CLIMATE RECORD PERIOD 1870 TO 2018


WEATHER ITEM   OBSERVED TIME   RECORD YEAR NORMAL DEPARTURE LAST
                VALUE   (LST)  VALUE       VALUE  FROM      YEAR
                                                  NORMAL
..................................................................
TEMPERATURE (F)
 TODAY
  MAXIMUM         33    305 PM  63    1963  40     -7       39
  MINIMUM         20    728 AM  -9    1969  23     -3       30
  AVERAGE         27                        31     -4       35

PRECIPITATION (IN)
  TODAY            0.00          1.02 1938   0.05  -0.05     0.00
  MONTH TO DATE    0.22                      1.38  -1.16     1.05
  SINCE MAR 1      0.22                      1.38  -1.16     1.05
  SINCE JAN 1      2.58                      3.15  -0.57     4.01

SNOWFALL (IN)
  TODAY            0.0           6.6  1944   0.3   -0.3      0.0
  MONTH TO DATE    2.8                      12.6   -9.8      5.3
  SINCE JUL 1     71.1                      78.2   -7.1     64.3
  SNOW DEPTH       7

DEGREE DAYS
 HEATING
  TODAY           38                        34      4       30
  MONTH TO DATE 1106                      1146    -40     1144
  SINCE MAR 1   1106                      1146    -40     1144
  SINCE JUL 1   8127                      8013    114     6834

 COOLING
  TODAY            0                         0      0        0
  MONTH TO DATE    0                         0      0        0
  SINCE MAR 1      0                         0      0        0
  SINCE JAN 1      0                         0      0        0
..................................................................


WIND (MPH)
  HIGHEST WIND SPEED    23   HIGHEST WIND DIRECTION     W (290)
  HIGHEST GUST SPEED    30   HIGHEST GUST DIRECTION     W (280)
  AVERAGE WIND SPEED    10.9


SKY COVER
  AVERAGE SKY COVER 0.4


WEATHER CONDITIONS
 THE FOLLOWING WEATHER WAS RECORDED TODAY.
  NO SIGNIFICANT WEATHER WAS OBSERVED.


RELATIVE HUMIDITY (PERCENT)
 HIGHEST    68          1200 AM
 LOWEST     45           200 PM
 AVERAGE    57

..........................................................


THE DULUTH CLIMATE NORMALS FOR TOMORROW
                         NORMAL    RECORD    YEAR
 MAXIMUM TEMPERATURE (F)   40        67      1918
 MINIMUM TEMPERATURE (F)   23       -12      1923


SUNRISE AND SUNSET
MARCH 29 2018.........SUNRISE   654 AM CDT   SUNSET   734 PM CDT
MARCH 30 2018.........SUNRISE   652 AM CDT   SUNSET   735 PM CDT


-  INDICATES NEGATIVE NUMBERS.
R  INDICATES RECORD WAS SET OR TIED.
MM INDICATES DATA IS MISSING.
T  INDICATES TRACE AMOUNT.




$$
