579
CDUS43 KDLH 082257
CLIDLH


CLIMATE REPORT
NATIONAL WEATHER SERVICE DULUTH MN
557 PM CDT TUE MAY 8 2018


...................................

...THE DULUTH CLIMATE SUMMARY FOR MAY 8 2018...
VALID TODAY AS OF 0500 PM LOCAL TIME.

CLIMATE NORMAL PERIOD 1981 TO 2010
CLIMATE RECORD PERIOD 1870 TO 2018


WEATHER ITEM   OBSERVED TIME   RECORD YEAR NORMAL DEPARTURE LAST
                VALUE   (LST)  VALUE       VALUE  FROM      YEAR
                                                  NORMAL
..................................................................
TEMPERATURE (F)
 TODAY
  MAXIMUM         68    713 AM  87    1896  60      8       56
  MINIMUM         42    359 PM  22    1966  38      4       33
  AVERAGE         55                        49      6       45

PRECIPITATION (IN)
  TODAY            T             1.45 2000   0.10  -0.10     0.00
  MONTH TO DATE    T                         0.80  -0.80     0.53
  SINCE MAR 1      1.83                      4.72  -2.89     4.60
  SINCE JAN 1      4.19                      6.49  -2.30     7.56

SNOWFALL (IN)
  TODAY            0.0           5.0  1924   0.1   -0.1      0.0
  MONTH TO DATE    0.0                       0.3   -0.3      0.8
  SINCE JUL 1     91.9                      86.0    5.9     67.0
  SNOW DEPTH       0

DEGREE DAYS
 HEATING
  TODAY           10                        16     -6       20
  MONTH TO DATE   78                       137    -59      150
  SINCE MAR 1   2233                      2109    124     2021
  SINCE JUL 1   9254                      8976    278     7711

 COOLING
  TODAY            0                         0      0        0
  MONTH TO DATE    0                         0      0        0
  SINCE MAR 1      0                         0      0        0
  SINCE JAN 1      0                         0      0        0
..................................................................


WIND (MPH)
  HIGHEST WIND SPEED    29   HIGHEST WIND DIRECTION     E (70)
  HIGHEST GUST SPEED    39   HIGHEST GUST DIRECTION     E (80)
  AVERAGE WIND SPEED    12.6


SKY COVER
  AVERAGE SKY COVER 0.6


WEATHER CONDITIONS
 THE FOLLOWING WEATHER WAS RECORDED TODAY.
  LIGHT RAIN


RELATIVE HUMIDITY (PERCENT)
 HIGHEST    62           200 PM
 LOWEST     42          1200 AM
 AVERAGE    52

..........................................................


THE DULUTH CLIMATE NORMALS FOR TOMORROW
                         NORMAL    RECORD    YEAR
 MAXIMUM TEMPERATURE (F)   60        88      1896
 MINIMUM TEMPERATURE (F)   39        20      1966


SUNRISE AND SUNSET
MAY  8 2018...........SUNRISE   543 AM CDT   SUNSET   828 PM CDT
MAY  9 2018...........SUNRISE   542 AM CDT   SUNSET   829 PM CDT


-  INDICATES NEGATIVE NUMBERS.
R  INDICATES RECORD WAS SET OR TIED.
MM INDICATES DATA IS MISSING.
T  INDICATES TRACE AMOUNT.




$$
