000
CDUS43 KDLH 010636
CLIDLH


CLIMATE REPORT
NATIONAL WEATHER SERVICE DULUTH MN
133 AM CDT SUN APR 1 2018


...................................

...THE DULUTH MN CLIMATE SUMMARY FOR MARCH 31 2018...

CLIMATE NORMAL PERIOD 1981 TO 2010
CLIMATE RECORD PERIOD 1870 TO 2018


WEATHER ITEM   OBSERVED TIME   RECORD YEAR NORMAL DEPARTURE LAST
                VALUE   (LST)  VALUE       VALUE  FROM      YEAR
                                                  NORMAL
..................................................................
TEMPERATURE (F)
 YESTERDAY
  MAXIMUM         24    125 AM  71    2010  41    -17       56
                                      1986
  MINIMUM         12   1159 PM  -6    1923  24    -12       28
  AVERAGE         18                        32    -14       42

PRECIPITATION (IN)
  YESTERDAY        0.14          1.09 1946   0.06   0.08     0.00
  MONTH TO DATE    0.44                      1.49  -1.05     1.05
  SINCE MAR 1      0.44                      1.49  -1.05     1.05
  SINCE JAN 1      2.80                      3.26  -0.46     4.01

SNOWFALL (IN)
  YESTERDAY        1.5           6.2  2009   0.3    1.2      0.0
  MONTH TO DATE    5.1                      13.2   -8.1      5.3
  SINCE MAR 1      5.1                      13.2   -8.1      5.3
  SINCE JUL 1     73.4                      78.8   -5.4     64.3
  SNOW DEPTH       8

DEGREE DAYS
 HEATING
  YESTERDAY       47                        33     14       23
  MONTH TO DATE 1197                      1212    -15     1193
  SINCE MAR 1   1197                      1210    -13     1193
  SINCE JUL 1   8218                      8077    141     6883

 COOLING
  YESTERDAY        0                         0      0        0
  MONTH TO DATE    0                         0      0        0
  SINCE MAR 1      0                         0      0        0
  SINCE JAN 1      0                         0      0        0
..................................................................


WIND (MPH)
  HIGHEST WIND SPEED    26   HIGHEST WIND DIRECTION     W (290)
  HIGHEST GUST SPEED    33   HIGHEST GUST DIRECTION     W (280)
  AVERAGE WIND SPEED    15.3


SKY COVER
  AVERAGE SKY COVER 0.5


WEATHER CONDITIONS
 THE FOLLOWING WEATHER WAS RECORDED YESTERDAY.
  LIGHT SNOW
  FOG


RELATIVE HUMIDITY (PERCENT)
 HIGHEST    84           300 AM
 LOWEST     34           400 PM
 AVERAGE    59

..........................................................


THE DULUTH MN CLIMATE NORMALS FOR TODAY
                         NORMAL    RECORD    YEAR
 MAXIMUM TEMPERATURE (F)   41        62      2010
                                             1955
 MINIMUM TEMPERATURE (F)   24         1      1975


SUNRISE AND SUNSET
APRIL  1 2018.........SUNRISE   648 AM CDT   SUNSET   738 PM CDT
APRIL  2 2018.........SUNRISE   646 AM CDT   SUNSET   739 PM CDT


-  INDICATES NEGATIVE NUMBERS.
R  INDICATES RECORD WAS SET OR TIED.
MM INDICATES DATA IS MISSING.
T  INDICATES TRACE AMOUNT.




$$
