000
CDUS43 KDLH 222223
CLIDLH


CLIMATE REPORT
NATIONAL WEATHER SERVICE DULUTH MN
522 PM CDT TUE MAY 22 2018


...................................

...THE DULUTH CLIMATE SUMMARY FOR MAY 22 2018...
VALID TODAY AS OF 0500 PM LOCAL TIME.

CLIMATE NORMAL PERIOD 1981 TO 2010
CLIMATE RECORD PERIOD 1870 TO 2018


WEATHER ITEM   OBSERVED TIME   RECORD YEAR NORMAL DEPARTURE LAST
                VALUE   (LST)  VALUE       VALUE  FROM      YEAR
                                                  NORMAL
..................................................................
TEMPERATURE (F)
 TODAY
  MAXIMUM         79    327 PM  90    1964  64     15       54
  MINIMUM         55   1231 AM  30    1917  42     13       45
  AVERAGE         67                        53     14       50

PRECIPITATION (IN)
  TODAY            0.00          3.02 1884   0.11  -0.11      T
  MONTH TO DATE    0.39                      2.25  -1.86     3.77
  SINCE MAR 1      2.22                      6.17  -3.95     7.84
  SINCE JAN 1      4.58                      7.94  -3.36    10.80

SNOWFALL (IN)
  TODAY            0.0           T    1987   0.0    0.0      0.0
  MONTH TO DATE    0.0                       0.4   -0.4      0.8
  SINCE JUL 1     91.9                      86.1    5.8     67.0
  SNOW DEPTH       0

DEGREE DAYS
 HEATING
  TODAY            0                        12    -12       15
  MONTH TO DATE  252                       330    -78      355
  SINCE MAR 1   2407                      2302    105     2226
  SINCE JUL 1   9428                      9169    259     7916

 COOLING
  TODAY            2                         0      2        0
  MONTH TO DATE    7                         0      7        0
  SINCE MAR 1      7                         0      7        0
  SINCE JAN 1      7                         0      7        0
..................................................................


WIND (MPH)
  HIGHEST WIND SPEED    12   HIGHEST WIND DIRECTION     W (250)
  HIGHEST GUST SPEED    16   HIGHEST GUST DIRECTION    SW (230)
  AVERAGE WIND SPEED     5.3


SKY COVER
  AVERAGE SKY COVER 0.8


WEATHER CONDITIONS
 THE FOLLOWING WEATHER WAS RECORDED TODAY.
  HAZE


RELATIVE HUMIDITY (PERCENT)
 HIGHEST    66           200 AM
 LOWEST     46           400 PM
 AVERAGE    56

..........................................................


THE DULUTH CLIMATE NORMALS FOR TOMORROW
                         NORMAL    RECORD    YEAR
 MAXIMUM TEMPERATURE (F)   64        84      1980
 MINIMUM TEMPERATURE (F)   43        28      1917


SUNRISE AND SUNSET
MAY 22 2018...........SUNRISE   526 AM CDT   SUNSET   845 PM CDT
MAY 23 2018...........SUNRISE   525 AM CDT   SUNSET   846 PM CDT


-  INDICATES NEGATIVE NUMBERS.
R  INDICATES RECORD WAS SET OR TIED.
MM INDICATES DATA IS MISSING.
T  INDICATES TRACE AMOUNT.




$$
