000
CDUS43 KDLH 090651
CLIDLH


CLIMATE REPORT
NATIONAL WEATHER SERVICE DULUTH MN
147 AM CDT WED MAY 9 2018


...................................

...THE DULUTH MN CLIMATE SUMMARY FOR MAY 8 2018...

CLIMATE NORMAL PERIOD 1981 TO 2010
CLIMATE RECORD PERIOD 1870 TO 2018


WEATHER ITEM   OBSERVED TIME   RECORD YEAR NORMAL DEPARTURE LAST
                VALUE   (LST)  VALUE       VALUE  FROM      YEAR
                                                  NORMAL
..................................................................
TEMPERATURE (F)
 YESTERDAY
  MAXIMUM         68    713 AM  87    1896  60      8       56
  MINIMUM         40   1144 PM  22    1966  38      2       33
  AVERAGE         54                        49      5       45

PRECIPITATION (IN)
  YESTERDAY        0.05          1.45 2000   0.10  -0.05     0.00
  MONTH TO DATE    0.05                      0.80  -0.75     0.53
  SINCE MAR 1      1.88                      4.72  -2.84     4.60
  SINCE JAN 1      4.24                      6.49  -2.25     7.56

SNOWFALL (IN)
  YESTERDAY        0.0           5.0  1924   0.1   -0.1      0.0
  MONTH TO DATE    0.0                       0.3   -0.3      0.8
  SINCE MAR 1     23.6                      20.4    3.2      8.0
  SINCE JUL 1     91.9                      86.0    5.9     67.0
  SNOW DEPTH       0

DEGREE DAYS
 HEATING
  YESTERDAY       11                        16     -5       20
  MONTH TO DATE   79                       137    -58      150
  SINCE MAR 1   2234                      2109    125     2021
  SINCE JUL 1   9255                      8976    279     7711

 COOLING
  YESTERDAY        0                         0      0        0
  MONTH TO DATE    0                         0      0        0
  SINCE MAR 1      0                         0      0        0
  SINCE JAN 1      0                         0      0        0
..................................................................


WIND (MPH)
  HIGHEST WIND SPEED    30   HIGHEST WIND DIRECTION     E (100)
  HIGHEST GUST SPEED    42   HIGHEST GUST DIRECTION     E (100)
  AVERAGE WIND SPEED    16.3


SKY COVER
  AVERAGE SKY COVER 0.7


WEATHER CONDITIONS
 THE FOLLOWING WEATHER WAS RECORDED YESTERDAY.
  LIGHT RAIN
  FOG


RELATIVE HUMIDITY (PERCENT)
 HIGHEST    92          1000 PM
 LOWEST     42          1200 AM
 AVERAGE    67

..........................................................


THE DULUTH MN CLIMATE NORMALS FOR TODAY
                         NORMAL    RECORD    YEAR
 MAXIMUM TEMPERATURE (F)   60        88      1896
 MINIMUM TEMPERATURE (F)   39        20      1966


SUNRISE AND SUNSET
MAY  9 2018...........SUNRISE   542 AM CDT   SUNSET   829 PM CDT
MAY 10 2018...........SUNRISE   540 AM CDT   SUNSET   831 PM CDT


-  INDICATES NEGATIVE NUMBERS.
R  INDICATES RECORD WAS SET OR TIED.
MM INDICATES DATA IS MISSING.
T  INDICATES TRACE AMOUNT.




$$
