000
CDUS43 KDLH 212229
CLIDLH


CLIMATE REPORT
NATIONAL WEATHER SERVICE DULUTH MN
529 PM CDT MON MAY 21 2018


...................................

...THE DULUTH CLIMATE SUMMARY FOR MAY 21 2018...
VALID TODAY AS OF 0500 PM LOCAL TIME.

CLIMATE NORMAL PERIOD 1981 TO 2010
CLIMATE RECORD PERIOD 1870 TO 2018


WEATHER ITEM   OBSERVED TIME   RECORD YEAR NORMAL DEPARTURE LAST
                VALUE   (LST)  VALUE       VALUE  FROM      YEAR
                                                  NORMAL
..................................................................
TEMPERATURE (F)
 TODAY
  MAXIMUM         72   1256 PM  88    1964  64      8       50
  MINIMUM         38    336 AM  28    1971  42     -4       39
  AVERAGE         55                        53      2       45

PRECIPITATION (IN)
  TODAY            0.00          1.17 1877   0.10  -0.10     0.30
  MONTH TO DATE    0.39                      2.14  -1.75     3.77
  SINCE MAR 1      2.22                      6.06  -3.84     7.84
  SINCE JAN 1      4.58                      7.83  -3.25    10.80

SNOWFALL (IN)
  TODAY            0.0           T    1963   0.0    0.0      0.0
  MONTH TO DATE    0.0                       0.4   -0.4      0.8
  SINCE JUL 1     91.9                      86.1    5.8     67.0
  SNOW DEPTH       0

DEGREE DAYS
 HEATING
  TODAY           10                        12     -2       20
  MONTH TO DATE  252                       318    -66      340
  SINCE MAR 1   2407                      2290    117     2211
  SINCE JUL 1   9428                      9157    271     7901

 COOLING
  TODAY            0                         0      0        0
  MONTH TO DATE    5                         0      5        0
  SINCE MAR 1      5                         0      5        0
  SINCE JAN 1      5                         0      5        0
..................................................................


WIND (MPH)
  HIGHEST WIND SPEED    12   HIGHEST WIND DIRECTION    SE (120)
  HIGHEST GUST SPEED    12   HIGHEST GUST DIRECTION    SE (120)
  AVERAGE WIND SPEED     5.4


SKY COVER
  AVERAGE SKY COVER 0.2


WEATHER CONDITIONS
 THE FOLLOWING WEATHER WAS RECORDED TODAY.
  NO SIGNIFICANT WEATHER WAS OBSERVED.


RELATIVE HUMIDITY (PERCENT)
 HIGHEST    70           200 AM
 LOWEST     23          1100 AM
 AVERAGE    47

..........................................................


THE DULUTH CLIMATE NORMALS FOR TOMORROW
                         NORMAL    RECORD    YEAR
 MAXIMUM TEMPERATURE (F)   64        90      1964
 MINIMUM TEMPERATURE (F)   42        30      1917


SUNRISE AND SUNSET
MAY 21 2018...........SUNRISE   527 AM CDT   SUNSET   844 PM CDT
MAY 22 2018...........SUNRISE   526 AM CDT   SUNSET   845 PM CDT


-  INDICATES NEGATIVE NUMBERS.
R  INDICATES RECORD WAS SET OR TIED.
MM INDICATES DATA IS MISSING.
T  INDICATES TRACE AMOUNT.




$$
