000
CDUS43 KDLH 210621
CLIDLH


CLIMATE REPORT
NATIONAL WEATHER SERVICE DULUTH MN
119 AM CDT SAT APR 21 2018


...................................

...THE DULUTH MN CLIMATE SUMMARY FOR APRIL 20 2018...

CLIMATE NORMAL PERIOD 1981 TO 2010
CLIMATE RECORD PERIOD 1870 TO 2018


WEATHER ITEM   OBSERVED TIME   RECORD YEAR NORMAL DEPARTURE LAST
                VALUE   (LST)  VALUE       VALUE  FROM      YEAR
                                                  NORMAL
..................................................................
TEMPERATURE (F)
 YESTERDAY
  MAXIMUM         56    151 PM  76    1987  52      4       41
  MINIMUM         32    532 AM  11    2013  32      0       34
  AVERAGE         44                        42      2       38

PRECIPITATION (IN)
  YESTERDAY        0.00          1.46 1961   0.08  -0.08     0.73
  MONTH TO DATE    1.03                      1.49  -0.46     2.02
  SINCE MAR 1      1.47                      2.98  -1.51     3.07
  SINCE JAN 1      3.83                      4.75  -0.92     6.03

SNOWFALL (IN)
  YESTERDAY        0.0           3.2  1893   0.1   -0.1      0.6
  MONTH TO DATE   18.3                       5.5   12.8      0.6
  SINCE MAR 1     23.4                      18.7    4.7      5.9
  SINCE JUL 1     91.7                      84.3    7.4     64.9
  SNOW DEPTH       4

DEGREE DAYS
 HEATING
  YESTERDAY       21                        23     -2       27
  MONTH TO DATE  760                       555    205      425
  SINCE MAR 1   1957                      1765    192     1618
  SINCE JUL 1   8978                      8632    346     7308

 COOLING
  YESTERDAY        0                         0      0        0
  MONTH TO DATE    0                         0      0        0
  SINCE MAR 1      0                         0      0        0
  SINCE JAN 1      0                         0      0        0
..................................................................


WIND (MPH)
  HIGHEST WIND SPEED    13   HIGHEST WIND DIRECTION    SW (220)
  HIGHEST GUST SPEED    15   HIGHEST GUST DIRECTION    SW (230)
  AVERAGE WIND SPEED     6.0


SKY COVER
  AVERAGE SKY COVER 0.0


WEATHER CONDITIONS
 THE FOLLOWING WEATHER WAS RECORDED YESTERDAY.
  HAZE


RELATIVE HUMIDITY (PERCENT)
 HIGHEST    70           700 AM
 LOWEST     28          1200 PM
 AVERAGE    49

..........................................................


THE DULUTH MN CLIMATE NORMALS FOR TODAY
                         NORMAL    RECORD    YEAR
 MAXIMUM TEMPERATURE (F)   52        76      1990
 MINIMUM TEMPERATURE (F)   32        18      1991


SUNRISE AND SUNSET
APRIL 21 2018.........SUNRISE   610 AM CDT   SUNSET   805 PM CDT
APRIL 22 2018.........SUNRISE   609 AM CDT   SUNSET   807 PM CDT


-  INDICATES NEGATIVE NUMBERS.
R  INDICATES RECORD WAS SET OR TIED.
MM INDICATES DATA IS MISSING.
T  INDICATES TRACE AMOUNT.




$$
