440
CDUS43 KDLH 160621
CLIDLH


CLIMATE REPORT
NATIONAL WEATHER SERVICE DULUTH MN
120 AM CDT MON APR 16 2018


...................................

...THE DULUTH MN CLIMATE SUMMARY FOR APRIL 15 2018...

CLIMATE NORMAL PERIOD 1981 TO 2010
CLIMATE RECORD PERIOD 1870 TO 2018


WEATHER ITEM   OBSERVED TIME   RECORD YEAR NORMAL DEPARTURE LAST
                VALUE   (LST)  VALUE       VALUE  FROM      YEAR
                                                  NORMAL
..................................................................
TEMPERATURE (F)
 YESTERDAY
  MAXIMUM         26 R  130 AM  79    1913  49    -23       70
  MINIMUM         21    727 PM  11    1935  30     -9       47
  AVERAGE         24                        39    -15       59

PRECIPITATION (IN)
  YESTERDAY        0.63          2.02 2012   0.08   0.55     0.01
  MONTH TO DATE    1.02                      1.07  -0.05     0.44
  SINCE MAR 1      1.46                      2.56  -1.10     1.49
  SINCE JAN 1      3.82                      4.33  -0.51     4.45

SNOWFALL (IN)
  YESTERDAY       12.7 R         9.7  1961   0.3   12.4      0.0
  MONTH TO DATE   17.6                       4.5   13.1      0.0
  SINCE MAR 1     22.7                      17.7    5.0      5.3
  SINCE JUL 1     91.0                      83.3    7.7     64.3
  SNOW DEPTH       4

DEGREE DAYS
 HEATING
  YESTERDAY       41                        26     15        6
  MONTH TO DATE  608                       434    174      299
  SINCE MAR 1   1805                      1644    161     1492
  SINCE JUL 1   8826                      8511    315     7182

 COOLING
  YESTERDAY        0                         0      0        0
  MONTH TO DATE    0                         0      0        0
  SINCE MAR 1      0                         0      0        0
  SINCE JAN 1      0                         0      0        0
..................................................................


WIND (MPH)
  HIGHEST WIND SPEED    35   HIGHEST WIND DIRECTION     E (70)
  HIGHEST GUST SPEED    46   HIGHEST GUST DIRECTION     E (70)
  AVERAGE WIND SPEED    16.8


SKY COVER
  AVERAGE SKY COVER 1.0


WEATHER CONDITIONS
 THE FOLLOWING WEATHER WAS RECORDED YESTERDAY.
  HEAVY SNOW
  LIGHT SNOW
  BLOWING SNOW


RELATIVE HUMIDITY (PERCENT)
 HIGHEST    88           700 AM
 LOWEST     63          1200 AM
 AVERAGE    76

..........................................................


THE DULUTH MN CLIMATE NORMALS FOR TODAY
                         NORMAL    RECORD    YEAR
 MAXIMUM TEMPERATURE (F)   50        76      1958
 MINIMUM TEMPERATURE (F)   30         4      1875


SUNRISE AND SUNSET
APRIL 16 2018.........SUNRISE   619 AM CDT   SUNSET   759 PM CDT
APRIL 17 2018.........SUNRISE   617 AM CDT   SUNSET   800 PM CDT


-  INDICATES NEGATIVE NUMBERS.
R  INDICATES RECORD WAS SET OR TIED.
MM INDICATES DATA IS MISSING.
T  INDICATES TRACE AMOUNT.




$$
