000
CDUS43 KDLH 112244
CLIDLH


CLIMATE REPORT
NATIONAL WEATHER SERVICE DULUTH MN
544 PM CDT WED APR 11 2018


...................................

...THE DULUTH CLIMATE SUMMARY FOR APRIL 11 2018...
VALID TODAY AS OF 0500 PM LOCAL TIME.

CLIMATE NORMAL PERIOD 1981 TO 2010
CLIMATE RECORD PERIOD 1870 TO 2018


WEATHER ITEM   OBSERVED TIME   RECORD YEAR NORMAL DEPARTURE LAST
                VALUE   (LST)  VALUE       VALUE  FROM      YEAR
                                                  NORMAL
..................................................................
TEMPERATURE (F)
 TODAY
  MAXIMUM         47    322 PM  78    1968  47      0       48
  MINIMUM         25    624 AM   6    1940  28     -3       28
  AVERAGE         36                        38     -2       38

PRECIPITATION (IN)
  TODAY            0.00          0.94 2001   0.07  -0.07     0.00
  MONTH TO DATE    0.15                      0.74  -0.59     0.43
  SINCE MAR 1      0.59                      2.23  -1.64     1.48
  SINCE JAN 1      2.95                      4.00  -1.05     4.44

SNOWFALL (IN)
  TODAY            0.0           7.0  2013   0.3   -0.3      0.0
  MONTH TO DATE    3.5                       3.4    0.1      0.0
  SINCE JUL 1     76.9                      82.2   -5.3     64.3
  SNOW DEPTH       6

DEGREE DAYS
 HEATING
  TODAY           29                        28      1       27
  MONTH TO DATE  467                       328    139      236
  SINCE MAR 1   1664                      1538    126     1429
  SINCE JUL 1   8685                      8405    280     7119

 COOLING
  TODAY            0                         0      0        0
  MONTH TO DATE    0                         0      0        0
  SINCE MAR 1      0                         0      0        0
  SINCE JAN 1      0                         0      0        0
..................................................................


WIND (MPH)
  HIGHEST WIND SPEED    14   HIGHEST WIND DIRECTION    SW (230)
  HIGHEST GUST SPEED    23   HIGHEST GUST DIRECTION    SW (220)
  AVERAGE WIND SPEED     7.4


SKY COVER
  AVERAGE SKY COVER 0.4


WEATHER CONDITIONS
 THE FOLLOWING WEATHER WAS RECORDED TODAY.
  NO SIGNIFICANT WEATHER WAS OBSERVED.


RELATIVE HUMIDITY (PERCENT)
 HIGHEST    81           600 AM
 LOWEST     33           200 PM
 AVERAGE    57

..........................................................


THE DULUTH CLIMATE NORMALS FOR TOMORROW
                         NORMAL    RECORD    YEAR
 MAXIMUM TEMPERATURE (F)   47        76      2015
 MINIMUM TEMPERATURE (F)   29         6      1950


SUNRISE AND SUNSET
APRIL 11 2018.........SUNRISE   629 AM CDT   SUNSET   752 PM CDT
APRIL 12 2018.........SUNRISE   627 AM CDT   SUNSET   753 PM CDT


-  INDICATES NEGATIVE NUMBERS.
R  INDICATES RECORD WAS SET OR TIED.
MM INDICATES DATA IS MISSING.
T  INDICATES TRACE AMOUNT.




$$
