000
CDUS43 KDLH 192327
CLIDLH


CLIMATE REPORT
NATIONAL WEATHER SERVICE DULUTH MN
626 PM CDT SAT MAY 19 2018


...................................

...THE DULUTH CLIMATE SUMMARY FOR MAY 19 2018...
VALID TODAY AS OF 0500 PM LOCAL TIME.

CLIMATE NORMAL PERIOD 1981 TO 2010
CLIMATE RECORD PERIOD 1870 TO 2018


WEATHER ITEM   OBSERVED TIME   RECORD YEAR NORMAL DEPARTURE LAST
                VALUE   (LST)  VALUE       VALUE  FROM      YEAR
                                                  NORMAL
..................................................................
TEMPERATURE (F)
 TODAY
  MAXIMUM         57    426 PM  85    1972  63     -6       52
                                      1941
                                      1925
  MINIMUM         47    349 AM  26    1929  42      5       33
  AVERAGE         52                        52      0       43

PRECIPITATION (IN)
  TODAY            0.02          2.16 1877   0.11  -0.09     0.00
  MONTH TO DATE    0.39                      1.94  -1.55     2.83
  SINCE MAR 1      2.22                      5.86  -3.64     6.90
  SINCE JAN 1      4.58                      7.63  -3.05     9.86

SNOWFALL (IN)
  TODAY            0.0           0.2  1963   0.0    0.0      0.0
  MONTH TO DATE    0.0                       0.4   -0.4      0.8
  SINCE JUL 1     91.9                      86.1    5.8     67.0
  SNOW DEPTH       0

DEGREE DAYS
 HEATING
  TODAY           13                        13      0       22
  MONTH TO DATE  223                       293    -70      297
  SINCE MAR 1   2378                      2265    113     2168
  SINCE JUL 1   9399                      9132    267     7858

 COOLING
  TODAY            0                         0      0        0
  MONTH TO DATE    5                         0      5        0
  SINCE MAR 1      5                         0      5        0
  SINCE JAN 1      5                         0      5        0
..................................................................


WIND (MPH)
  HIGHEST WIND SPEED    20   HIGHEST WIND DIRECTION     N (360)
  HIGHEST GUST SPEED    20   HIGHEST GUST DIRECTION     N (360)
  AVERAGE WIND SPEED    12.9


SKY COVER
  AVERAGE SKY COVER 0.8


WEATHER CONDITIONS
 THE FOLLOWING WEATHER WAS RECORDED TODAY.
  LIGHT RAIN
  HAZE


RELATIVE HUMIDITY (PERCENT)
 HIGHEST    93           600 AM
 LOWEST     54          1200 AM
 AVERAGE    74

..........................................................


THE DULUTH CLIMATE NORMALS FOR TOMORROW
                         NORMAL    RECORD    YEAR
 MAXIMUM TEMPERATURE (F)   64        88      2009
 MINIMUM TEMPERATURE (F)   42        26      1986


SUNRISE AND SUNSET
MAY 19 2018...........SUNRISE   529 AM CDT   SUNSET   842 PM CDT
MAY 20 2018...........SUNRISE   528 AM CDT   SUNSET   843 PM CDT


-  INDICATES NEGATIVE NUMBERS.
R  INDICATES RECORD WAS SET OR TIED.
MM INDICATES DATA IS MISSING.
T  INDICATES TRACE AMOUNT.




$$
