000
CDUS43 KDLH 092229
CLIDLH


CLIMATE REPORT
NATIONAL WEATHER SERVICE DULUTH MN
528 PM CDT MON APR 9 2018


...................................

...THE DULUTH CLIMATE SUMMARY FOR APRIL 9 2018...
VALID TODAY AS OF 0500 PM LOCAL TIME.

CLIMATE NORMAL PERIOD 1981 TO 2010
CLIMATE RECORD PERIOD 1870 TO 2018


WEATHER ITEM   OBSERVED TIME   RECORD YEAR NORMAL DEPARTURE LAST
                VALUE   (LST)  VALUE       VALUE  FROM      YEAR
                                                  NORMAL
..................................................................
TEMPERATURE (F)
 TODAY
  MAXIMUM         38    359 PM  80    1887  46     -8       61
  MINIMUM         15    500 AM   2    2016  27    -12       37
  AVERAGE         27                        36     -9       49

PRECIPITATION (IN)
  TODAY            0.00          1.05 1950   0.07  -0.07     0.31
  MONTH TO DATE    0.14                      0.59  -0.45     0.42
  SINCE MAR 1      0.58                      2.08  -1.50     1.47
  SINCE JAN 1      2.94                      3.85  -0.91     4.43

SNOWFALL (IN)
  TODAY            0.0           8.0  1894   0.3   -0.3      0.0
  MONTH TO DATE    3.5                       2.8    0.7      0.0
  SINCE JUL 1     76.9                      81.6   -4.7     64.3
  SNOW DEPTH       7

DEGREE DAYS
 HEATING
  TODAY           38                        28     10       16
  MONTH TO DATE  399                       272    127      183
  SINCE MAR 1   1596                      1482    114     1376
  SINCE JUL 1   8617                      8349    268     7066

 COOLING
  TODAY            0                         0      0        0
  MONTH TO DATE    0                         0      0        0
  SINCE MAR 1      0                         0      0        0
  SINCE JAN 1      0                         0      0        0
..................................................................


WIND (MPH)
  HIGHEST WIND SPEED    22   HIGHEST WIND DIRECTION     W (290)
  HIGHEST GUST SPEED    28   HIGHEST GUST DIRECTION     W (290)
  AVERAGE WIND SPEED     7.5


SKY COVER
  AVERAGE SKY COVER 0.1


WEATHER CONDITIONS
 THE FOLLOWING WEATHER WAS RECORDED TODAY.
  NO SIGNIFICANT WEATHER WAS OBSERVED.


RELATIVE HUMIDITY (PERCENT)
 HIGHEST    80           300 AM
 LOWEST     27          1100 AM
 AVERAGE    54

..........................................................


THE DULUTH CLIMATE NORMALS FOR TOMORROW
                         NORMAL    RECORD    YEAR
 MAXIMUM TEMPERATURE (F)   46        84      1977
 MINIMUM TEMPERATURE (F)   28        10      1962


SUNRISE AND SUNSET
APRIL  9 2018.........SUNRISE   632 AM CDT   SUNSET   749 PM CDT
APRIL 10 2018.........SUNRISE   630 AM CDT   SUNSET   750 PM CDT


-  INDICATES NEGATIVE NUMBERS.
R  INDICATES RECORD WAS SET OR TIED.
MM INDICATES DATA IS MISSING.
T  INDICATES TRACE AMOUNT.




$$
