000
CDUS43 KDLH 140620
CLIDLH


CLIMATE REPORT
NATIONAL WEATHER SERVICE DULUTH MN
120 AM CDT SAT APR 14 2018


...................................

...THE DULUTH MN CLIMATE SUMMARY FOR APRIL 13 2018...

CLIMATE NORMAL PERIOD 1981 TO 2010
CLIMATE RECORD PERIOD 1870 TO 2018


WEATHER ITEM   OBSERVED TIME   RECORD YEAR NORMAL DEPARTURE LAST
                VALUE   (LST)  VALUE       VALUE  FROM      YEAR
                                                  NORMAL
..................................................................
TEMPERATURE (F)
 YESTERDAY
  MAXIMUM         38    130 PM  74    1941  48    -10       59
  MINIMUM         27    511 AM   9    1950  29     -2       31
  AVERAGE         33                        38     -5       45

PRECIPITATION (IN)
  YESTERDAY        0.00          0.98 1960   0.08  -0.08     0.00
  MONTH TO DATE    0.39                      0.90  -0.51     0.43
  SINCE MAR 1      0.83                      2.39  -1.56     1.48
  SINCE JAN 1      3.19                      4.16  -0.97     4.44

SNOWFALL (IN)
  YESTERDAY        0.0           3.7  1983   0.3   -0.3      0.0
  MONTH TO DATE    4.9                       4.0    0.9      0.0
  SINCE MAR 1     10.0                      17.2   -7.2      5.3
  SINCE JUL 1     78.3                      82.8   -4.5     64.3
  SNOW DEPTH       5

DEGREE DAYS
 HEATING
  YESTERDAY       32                        27      5       20
  MONTH TO DATE  528                       382    146      276
  SINCE MAR 1   1725                      1592    133     1469
  SINCE JUL 1   8746                      8459    287     7159

 COOLING
  YESTERDAY        0                         0      0        0
  MONTH TO DATE    0                         0      0        0
  SINCE MAR 1      0                         0      0        0
  SINCE JAN 1      0                         0      0        0
..................................................................


WIND (MPH)
  HIGHEST WIND SPEED    30   HIGHEST WIND DIRECTION    NE (60)
  HIGHEST GUST SPEED    36   HIGHEST GUST DIRECTION    NE (60)
  AVERAGE WIND SPEED    15.7


SKY COVER
  AVERAGE SKY COVER 0.2


WEATHER CONDITIONS
 THE FOLLOWING WEATHER WAS RECORDED YESTERDAY.
  NO SIGNIFICANT WEATHER WAS OBSERVED.


RELATIVE HUMIDITY (PERCENT)
 HIGHEST    69          1000 AM
 LOWEST     35          1100 AM
 AVERAGE    52

..........................................................


THE DULUTH MN CLIMATE NORMALS FOR TODAY
                         NORMAL    RECORD    YEAR
 MAXIMUM TEMPERATURE (F)   49        82      1908
 MINIMUM TEMPERATURE (F)   29         8      2013
                                             1926


SUNRISE AND SUNSET
APRIL 14 2018.........SUNRISE   623 AM CDT   SUNSET   756 PM CDT
APRIL 15 2018.........SUNRISE   621 AM CDT   SUNSET   757 PM CDT


-  INDICATES NEGATIVE NUMBERS.
R  INDICATES RECORD WAS SET OR TIED.
MM INDICATES DATA IS MISSING.
T  INDICATES TRACE AMOUNT.




$$
