000
CDUS43 KDLH 172257
CLIINL


CLIMATE REPORT
NATIONAL WEATHER SERVICE DULUTH MN
556 PM CDT TUE APR 17 2018


...................................

...THE INTERNATIONAL FALLS CLIMATE SUMMARY FOR APRIL 17 2018...
VALID TODAY AS OF 0500 PM LOCAL TIME.

CLIMATE NORMAL PERIOD 1981 TO 2010
CLIMATE RECORD PERIOD 1895 TO 2018


WEATHER ITEM   OBSERVED TIME   RECORD YEAR NORMAL DEPARTURE LAST
                VALUE   (LST)  VALUE       VALUE  FROM      YEAR
                                                  NORMAL
..................................................................
TEMPERATURE (F)
 TODAY
  MAXIMUM         47    359 PM  77    1911  53     -6       46
  MINIMUM         24    217 AM  11    1953  28     -4       31
  AVERAGE         36                        40     -4       39

PRECIPITATION (IN)
  TODAY            0.00          1.13 1910   0.05  -0.05     0.00
  MONTH TO DATE    0.28                      0.77  -0.49     0.44
  SINCE MAR 1      0.63                      1.72  -1.09     1.12
  SINCE JAN 1      2.32                      2.91  -0.59     3.87

SNOWFALL (IN)
  TODAY            0.0           4.0         0.2   -0.2      0.0
  MONTH TO DATE    3.4                       4.5   -1.1      0.0
  SINCE JUL 1     62.2                      68.9   -6.7     67.8
  SNOW DEPTH       9

DEGREE DAYS
 HEATING
  TODAY           29                        25      4       26
  MONTH TO DATE  739                       491    248      381
  SINCE MAR 1   2010                      1774    236     1638
  SINCE JUL 1   9790                      9357    433     8112

 COOLING
  TODAY            0                         0      0        0
  MONTH TO DATE    0                         0      0        0
  SINCE MAR 1      0                         0      0        0
  SINCE JAN 1      0                         0      0        0
..................................................................


WIND (MPH)
  HIGHEST WIND SPEED    15   HIGHEST WIND DIRECTION    NE (30)
  HIGHEST GUST SPEED    20   HIGHEST GUST DIRECTION     N (10)


SKY COVER
  AVERAGE SKY COVER 0.0


WEATHER CONDITIONS
 THE FOLLOWING WEATHER WAS RECORDED TODAY.
  NO SIGNIFICANT WEATHER WAS OBSERVED.


RELATIVE HUMIDITY (PERCENT)
 HIGHEST    55          1200 AM
 LOWEST     25          1200 PM
 AVERAGE    40

..........................................................


THE INTERNATIONAL FALLS CLIMATE NORMALS FOR TOMORROW
                         NORMAL    RECORD    YEAR
 MAXIMUM TEMPERATURE (F)   53        88      1987
 MINIMUM TEMPERATURE (F)   28        15      2014
                                             1963


SUNRISE AND SUNSET
APRIL 17 2018.........SUNRISE   619 AM CDT   SUNSET   808 PM CDT
APRIL 18 2018.........SUNRISE   617 AM CDT   SUNSET   809 PM CDT


-  INDICATES NEGATIVE NUMBERS.
R  INDICATES RECORD WAS SET OR TIED.
MM INDICATES DATA IS MISSING.
T  INDICATES TRACE AMOUNT.




$$
