000
CDUS43 KDLH 122223
CLIINL


CLIMATE REPORT
NATIONAL WEATHER SERVICE DULUTH MN
519 PM CDT SAT MAY 12 2018


...................................

...THE INTERNATIONAL FALLS CLIMATE SUMMARY FOR MAY 12 2018...
VALID TODAY AS OF 0500 PM LOCAL TIME.

CLIMATE NORMAL PERIOD 1981 TO 2010
CLIMATE RECORD PERIOD 1895 TO 2018


WEATHER ITEM   OBSERVED TIME   RECORD YEAR NORMAL DEPARTURE LAST
                VALUE   (LST)  VALUE       VALUE  FROM      YEAR
                                                  NORMAL
..................................................................
TEMPERATURE (F)
 TODAY
  MAXIMUM         69    359 PM  86    1991  64      5       63
  MINIMUM         27    413 AM  22    2013  37    -10       28
                                      1996
  AVERAGE         48                        51     -3       46

PRECIPITATION (IN)
  TODAY            0.00          1.20 2014   0.09  -0.09     0.00
  MONTH TO DATE    0.58                      0.98  -0.40     0.19
  SINCE MAR 1      1.29                      3.46  -2.17     2.45
  SINCE JAN 1      2.98                      4.65  -1.67     5.20

SNOWFALL (IN)
  TODAY            0.0           0.3         0.0    0.0      0.0
  MONTH TO DATE    0.0                       0.2   -0.2      0.0
  SINCE JUL 1     62.2                      71.0   -8.8     70.4
  SNOW DEPTH       0

DEGREE DAYS
 HEATING
  TODAY           17                        15      2       19
  MONTH TO DATE  191                       199     -8      223
  SINCE MAR 1   2473                      2254    219     2229
  SINCE JUL 1  10253                      9837    416     8703

 COOLING
  TODAY            0                         0      0        0
  MONTH TO DATE    0                         0      0        0
  SINCE MAR 1      1                         1      0        0
  SINCE JAN 1      1                         1      0        0
..................................................................


WIND (MPH)
  HIGHEST WIND SPEED    12   HIGHEST WIND DIRECTION     W (290)
  HIGHEST GUST SPEED    16   HIGHEST GUST DIRECTION     N (360)


SKY COVER
  AVERAGE SKY COVER 0.0


WEATHER CONDITIONS
 THE FOLLOWING WEATHER WAS RECORDED TODAY.
  NO SIGNIFICANT WEATHER WAS OBSERVED.


RELATIVE HUMIDITY (PERCENT)
 HIGHEST    92          1200 AM
 LOWEST     19          1200 PM
 AVERAGE    56

..........................................................


THE INTERNATIONAL FALLS CLIMATE NORMALS FOR TOMORROW
                         NORMAL    RECORD    YEAR
 MAXIMUM TEMPERATURE (F)   64        87      1977
 MINIMUM TEMPERATURE (F)   38        22      1997
                                             1953


SUNRISE AND SUNSET
MAY 12 2018...........SUNRISE   537 AM CDT   SUNSET   844 PM CDT
MAY 13 2018...........SUNRISE   535 AM CDT   SUNSET   845 PM CDT


-  INDICATES NEGATIVE NUMBERS.
R  INDICATES RECORD WAS SET OR TIED.
MM INDICATES DATA IS MISSING.
T  INDICATES TRACE AMOUNT.




$$
