000
CDUS43 KDLH 122251
CLIINL


CLIMATE REPORT
NATIONAL WEATHER SERVICE DULUTH MN
549 PM CDT THU APR 12 2018


...................................

...THE INTERNATIONAL FALLS CLIMATE SUMMARY FOR APRIL 12 2018...
VALID TODAY AS OF 0500 PM LOCAL TIME.

CLIMATE NORMAL PERIOD 1981 TO 2010
CLIMATE RECORD PERIOD 1895 TO 2018


WEATHER ITEM   OBSERVED TIME   RECORD YEAR NORMAL DEPARTURE LAST
                VALUE   (LST)  VALUE       VALUE  FROM      YEAR
                                                  NORMAL
..................................................................
TEMPERATURE (F)
 TODAY
  MAXIMUM         40    359 PM  71    1918  50    -10       62
  MINIMUM         29    742 AM   4    1950  26      3       22
  AVERAGE         35                        38     -3       42

PRECIPITATION (IN)
  TODAY            T             1.05 1916   0.05  -0.05     0.00
  MONTH TO DATE    0.06                      0.53  -0.47      T
  SINCE MAR 1      0.41                      1.48  -1.07     0.68
  SINCE JAN 1      2.10                      2.67  -0.57     3.43

SNOWFALL (IN)
  TODAY            T             7.5         0.3   -0.3      0.0
  MONTH TO DATE    1.5                       3.3   -1.8      0.0
  SINCE JUL 1     60.3                      67.7   -7.4     67.8
  SNOW DEPTH      10

DEGREE DAYS
 HEATING
  TODAY           30                        27      3       23
  MONTH TO DATE  554                       362    192      281
  SINCE MAR 1   1825                      1645    180     1538
  SINCE JUL 1   9605                      9228    377     8012

 COOLING
  TODAY            0                         0      0        0
  MONTH TO DATE    0                         0      0        0
  SINCE MAR 1      0                         0      0        0
  SINCE JAN 1      0                         0      0        0
..................................................................


WIND (MPH)
  HIGHEST WIND SPEED    14   HIGHEST WIND DIRECTION     N (360)
  HIGHEST GUST SPEED    17   HIGHEST GUST DIRECTION    NE (30)


SKY COVER
  AVERAGE SKY COVER 0.7


WEATHER CONDITIONS
 THE FOLLOWING WEATHER WAS RECORDED TODAY.
  LIGHT SNOW
  FOG
  HAZE


RELATIVE HUMIDITY (PERCENT)
 HIGHEST    85           500 AM
 LOWEST     27           400 PM
 AVERAGE    56

..........................................................


THE INTERNATIONAL FALLS CLIMATE NORMALS FOR TOMORROW
                         NORMAL    RECORD    YEAR
 MAXIMUM TEMPERATURE (F)   50        77      1910
 MINIMUM TEMPERATURE (F)   26         7      1950


SUNRISE AND SUNSET
APRIL 12 2018.........SUNRISE   629 AM CDT   SUNSET   801 PM CDT
APRIL 13 2018.........SUNRISE   627 AM CDT   SUNSET   802 PM CDT


-  INDICATES NEGATIVE NUMBERS.
R  INDICATES RECORD WAS SET OR TIED.
MM INDICATES DATA IS MISSING.
T  INDICATES TRACE AMOUNT.




$$
